{"id":20585,"date":"2018-01-31T12:37:32","date_gmt":"2018-01-31T12:37:32","guid":{"rendered":"http:\/\/fotos.costabrava.org\/downloads\/empuries\/"},"modified":"2021-01-15T09:05:47","modified_gmt":"2021-01-15T09:05:47","slug":"empuries","status":"publish","type":"download","link":"https:\/\/fotos.costabrava.org\/en\/downloads\/empuries\/","title":{"rendered":"Emp\u00faries"},"content":{"rendered":"<p>Emp\u00faries<\/p>\n<ul style=\"padding-left: 30px; font-size: 12px;\">\n<li>Author: Javi Cabrera<\/li>\n<li>Town\/City: Emp\u00faries\u00a0<\/li>\n<li>Municipaly:\u00a0L&#8217;Escala<\/li>\n<li>District:\u00a0Alt Empord\u00e0<\/li>\n<li>Category: Costa Brava, Inclusive Tourism-Senior<\/li>\n<li>Tags: Emp\u00faries, L&#8217;Escala, Alt Empord\u00e0, Senior <\/li>\n<\/ul>\n","protected":false},"excerpt":{"rendered":"<p>Emp\u00faries Author: Javi Cabrera Town\/City: Emp\u00faries\u00a0 Municipaly:\u00a0L&#8217;Escala District:\u00a0Alt Empord\u00e0 Category: Costa Brava, Inclusive Tourism-Senior Tags: Emp\u00faries, L&#8217;Escala, Alt Empord\u00e0, Senior<\/p>\n","protected":false},"author":1,"featured_media":20578,"template":"","edd-categories":[32,69],"edd-tags":[299,436,538,1479],"class_list":["post-20585","download","type-download","status-publish","has-post-thumbnail","hentry","download_category-costa-brava-en","download_category-inclusivetourism-en","download_tag-alt-emporda-en","download_tag-empuries-en","download_tag-lescala-en","download_tag-senior-en","edd-download","edd-download-cat-costa-brava-en","edd-download-cat-inclusivetourism-en","edd-download-tag-alt-emporda-en","edd-download-tag-empuries-en","edd-download-tag-lescala-en","edd-download-tag-senior-en"],"_links":{"self":[{"href":"https:\/\/fotos.costabrava.org\/en\/wp-json\/wp\/v2\/edd-downloads\/20585","targetHints":{"allow":["GET"]}}],"collection":[{"href":"https:\/\/fotos.costabrava.org\/en\/wp-json\/wp\/v2\/edd-downloads"}],"about":[{"href":"https:\/\/fotos.costabrava.org\/en\/wp-json\/wp\/v2\/types\/download"}],"author":[{"embeddable":true,"href":"https:\/\/fotos.costabrava.org\/en\/wp-json\/wp\/v2\/users\/1"}],"version-history":[{"count":2,"href":"https:\/\/fotos.costabrava.org\/en\/wp-json\/wp\/v2\/edd-downloads\/20585\/revisions"}],"predecessor-version":[{"id":64013,"href":"https:\/\/fotos.costabrava.org\/en\/wp-json\/wp\/v2\/edd-downloads\/20585\/revisions\/64013"}],"wp:featuredmedia":[{"embeddable":true,"href":"https:\/\/fotos.costabrava.org\/en\/wp-json\/wp\/v2\/media\/20578"}],"wp:attachment":[{"href":"https:\/\/fotos.costabrava.org\/en\/wp-json\/wp\/v2\/media?parent=20585"}],"wp:term":[{"taxonomy":"download_category","embeddable":true,"href":"https:\/\/fotos.costabrava.org\/en\/wp-json\/wp\/v2\/edd-categories?post=20585"},{"taxonomy":"download_tag","embeddable":true,"href":"https:\/\/fotos.costabrava.org\/en\/wp-json\/wp\/v2\/edd-tags?post=20585"}],"curies":[{"name":"wp","href":"https:\/\/api.w.org\/{rel}","templated":true}]}}

Empúries

<p>Empúries</p>
<ul style="padding-left: 30px; font-size: 12px;">
<li>Author: Javi Cabrera</li>
<li>Town/City: Empúries </li>
<li>Municipaly: L&#8217;Escala</li>
<li>District: Alt Empordà</li>
<li>Category: Costa Brava, Inclusive Tourism-Senior</li>
<li>Tags: Empúries, L&#8217;Escala, Alt Empordà, Senior </li>
</ul>

<p>Empúries Author: Javi Cabrera Town/City: Empúries  Municipaly: L&#8217;Escala District: Alt Empordà Category: Costa Brava, Inclusive Tourism-Senior Tags: Empúries, L&#8217;Escala, Alt Empordà, Senior</p>
