{"id":19319,"date":"2018-01-23T09:54:30","date_gmt":"2018-01-23T09:54:30","guid":{"rendered":"http:\/\/fotos.costabrava.org\/downloads\/arbucies\/"},"modified":"2018-02-09T08:06:13","modified_gmt":"2018-02-09T08:06:13","slug":"arbucies","status":"publish","type":"download","link":"https:\/\/fotos.costabrava.org\/es\/downloads\/arbucies\/","title":{"rendered":"Arb\u00facies"},"content":{"rendered":"<p>Arb\u00facies<\/p>\n<ul style=\"padding-left: 30px; font-size: 12px;\">\n<li>Autor: Maria Geli-Pilar Planagum\u00e0<\/li>\n<li>Poblaci\u00f3n\/Ciudad: Arb\u00facies <\/li>\n<li>Municipio: Arb\u00facies <\/li>\n<li>Comarca: La Selva<\/li>\n<li>Categor\u00eda: Costa Brava, Pueblos<\/li>\n<li>Etiquetas: Arb\u00facies, La Selva, Pueblos <\/li>\n<\/ul>\n","protected":false},"excerpt":{"rendered":"<p>Arb\u00facies Autor: Maria Geli-Pilar Planagum\u00e0 Poblaci\u00f3n\/Ciudad: Arb\u00facies Municipio: Arb\u00facies Comarca: La Selva Categor\u00eda: Costa Brava, Pueblos Etiquetas: Arb\u00facies, La Selva, [&hellip;]<\/p>\n","protected":false},"author":1,"featured_media":19315,"template":"","edd-categories":[35,985],"edd-tags":[307,996,675],"class_list":["post-19319","download","type-download","status-publish","has-post-thumbnail","hentry","download_category-costa-brava-es","download_category-pueblos-es","download_tag-arbucies-es","download_tag-laselva-es","download_tag-pueblos-es","edd-download","edd-download-cat-costa-brava-es","edd-download-cat-pueblos-es","edd-download-tag-arbucies-es","edd-download-tag-laselva-es","edd-download-tag-pueblos-es"],"_links":{"self":[{"href":"https:\/\/fotos.costabrava.org\/es\/wp-json\/wp\/v2\/edd-downloads\/19319","targetHints":{"allow":["GET"]}}],"collection":[{"href":"https:\/\/fotos.costabrava.org\/es\/wp-json\/wp\/v2\/edd-downloads"}],"about":[{"href":"https:\/\/fotos.costabrava.org\/es\/wp-json\/wp\/v2\/types\/download"}],"author":[{"embeddable":true,"href":"https:\/\/fotos.costabrava.org\/es\/wp-json\/wp\/v2\/users\/1"}],"version-history":[{"count":1,"href":"https:\/\/fotos.costabrava.org\/es\/wp-json\/wp\/v2\/edd-downloads\/19319\/revisions"}],"predecessor-version":[{"id":19320,"href":"https:\/\/fotos.costabrava.org\/es\/wp-json\/wp\/v2\/edd-downloads\/19319\/revisions\/19320"}],"wp:featuredmedia":[{"embeddable":true,"href":"https:\/\/fotos.costabrava.org\/es\/wp-json\/wp\/v2\/media\/19315"}],"wp:attachment":[{"href":"https:\/\/fotos.costabrava.org\/es\/wp-json\/wp\/v2\/media?parent=19319"}],"wp:term":[{"taxonomy":"download_category","embeddable":true,"href":"https:\/\/fotos.costabrava.org\/es\/wp-json\/wp\/v2\/edd-categories?post=19319"},{"taxonomy":"download_tag","embeddable":true,"href":"https:\/\/fotos.costabrava.org\/es\/wp-json\/wp\/v2\/edd-tags?post=19319"}],"curies":[{"name":"wp","href":"https:\/\/api.w.org\/{rel}","templated":true}]}}

Arbúcies

<p>Arbúcies</p>
<ul style="padding-left: 30px; font-size: 12px;">
<li>Autor: Maria Geli-Pilar Planagumà</li>
<li>Población/Ciudad: Arbúcies </li>
<li>Municipio: Arbúcies </li>
<li>Comarca: La Selva</li>
<li>Categoría: Costa Brava, Pueblos</li>
<li>Etiquetas: Arbúcies, La Selva, Pueblos </li>
</ul>

<p>Arbúcies Autor: Maria Geli-Pilar Planagumà Población/Ciudad: Arbúcies Municipio: Arbúcies Comarca: La Selva Categoría: Costa Brava, Pueblos Etiquetas: Arbúcies, La Selva, [&hellip;]</p>
