{"id":19699,"date":"2018-01-26T09:11:24","date_gmt":"2018-01-26T09:11:24","guid":{"rendered":"http:\/\/fotos.costabrava.org\/downloads\/monells-2\/"},"modified":"2018-02-08T10:24:13","modified_gmt":"2018-02-08T10:24:13","slug":"monells-2","status":"publish","type":"download","link":"https:\/\/fotos.costabrava.org\/es\/downloads\/monells-2\/","title":{"rendered":"Monells"},"content":{"rendered":"<p>Monells<\/p>\n<ul style=\"padding-left: 30px; font-size: 12px;\">\n<li>Autor: Jordi Gallego i Caldas<\/li>\n<li>Poblaci\u00f3n\/Ciudad: Monells<\/li>\n<li>Municipio: Monells<\/li>\n<li>Comarca: Baix Empord\u00e0<\/li>\n<li>Categor\u00eda: Costa Brava, Gastronom\u00eda<\/li>\n<li>Etiquetas: Monells, Baix Empord\u00e0, Gastronom\u00eda <\/li>\n<\/ul>\n","protected":false},"excerpt":{"rendered":"<p>Monells Autor: Jordi Gallego i Caldas Poblaci\u00f3n\/Ciudad: Monells Municipio: Monells Comarca: Baix Empord\u00e0 Categor\u00eda: Costa Brava, Gastronom\u00eda Etiquetas: Monells, Baix [&hellip;]<\/p>\n","protected":false},"author":1,"featured_media":19696,"template":"","edd-categories":[35,147],"edd-tags":[322,1639,1501],"class_list":["post-19699","download","type-download","status-publish","has-post-thumbnail","hentry","download_category-costa-brava-es","download_category-gastronimia-es","download_tag-baix-emporda-es","download_tag-gastronomia-es","download_tag-monells-es","edd-download","edd-download-cat-costa-brava-es","edd-download-cat-gastronimia-es","edd-download-tag-baix-emporda-es","edd-download-tag-gastronomia-es","edd-download-tag-monells-es"],"_links":{"self":[{"href":"https:\/\/fotos.costabrava.org\/es\/wp-json\/wp\/v2\/edd-downloads\/19699","targetHints":{"allow":["GET"]}}],"collection":[{"href":"https:\/\/fotos.costabrava.org\/es\/wp-json\/wp\/v2\/edd-downloads"}],"about":[{"href":"https:\/\/fotos.costabrava.org\/es\/wp-json\/wp\/v2\/types\/download"}],"author":[{"embeddable":true,"href":"https:\/\/fotos.costabrava.org\/es\/wp-json\/wp\/v2\/users\/1"}],"version-history":[{"count":3,"href":"https:\/\/fotos.costabrava.org\/es\/wp-json\/wp\/v2\/edd-downloads\/19699\/revisions"}],"predecessor-version":[{"id":19703,"href":"https:\/\/fotos.costabrava.org\/es\/wp-json\/wp\/v2\/edd-downloads\/19699\/revisions\/19703"}],"wp:featuredmedia":[{"embeddable":true,"href":"https:\/\/fotos.costabrava.org\/es\/wp-json\/wp\/v2\/media\/19696"}],"wp:attachment":[{"href":"https:\/\/fotos.costabrava.org\/es\/wp-json\/wp\/v2\/media?parent=19699"}],"wp:term":[{"taxonomy":"download_category","embeddable":true,"href":"https:\/\/fotos.costabrava.org\/es\/wp-json\/wp\/v2\/edd-categories?post=19699"},{"taxonomy":"download_tag","embeddable":true,"href":"https:\/\/fotos.costabrava.org\/es\/wp-json\/wp\/v2\/edd-tags?post=19699"}],"curies":[{"name":"wp","href":"https:\/\/api.w.org\/{rel}","templated":true}]}}

<p>Monells</p>
<ul style="padding-left: 30px; font-size: 12px;">
<li>Autor: Jordi Gallego i Caldas</li>
<li>Población/Ciudad: Monells</li>
<li>Municipio: Monells</li>
<li>Comarca: Baix Empordà</li>
<li>Categoría: Costa Brava, Gastronomía</li>
<li>Etiquetas: Monells, Baix Empordà, Gastronomía </li>
</ul>

<p>Monells Autor: Jordi Gallego i Caldas Población/Ciudad: Monells Municipio: Monells Comarca: Baix Empordà Categoría: Costa Brava, Gastronomía Etiquetas: Monells, Baix [&hellip;]</p>
