{"id":2377,"date":"2015-01-08T12:23:19","date_gmt":"2015-01-08T12:23:19","guid":{"rendered":"http:\/\/fotos.costabrava.org\/?post_type=download&#038;p=2377"},"modified":"2018-04-09T09:33:13","modified_gmt":"2018-04-09T09:33:13","slug":"micve-2","status":"publish","type":"download","link":"https:\/\/fotos.costabrava.org\/es\/downloads\/micve-2\/","title":{"rendered":"Micv\u00e9"},"content":{"rendered":"<p>Micv\u00e9<\/p>\n<ul style='padding-left: 30px; font-size: 12px;'>\n<li>Foto: Joan Ure\u00f1a &#8211; Ajuntament de Besal\u00fa<\/li>\n<li>Poblaci\u00f3n\/Ciutad: Besal\u00fa<\/li>\n<li>Municipio: Besal\u00fa<\/li>\n<li>Comarca: Garrotxa<\/li>\n<li>Categor\u00eda: Pirineo de Girona, Museos y Patrimonio<\/li>\n<li>Etiquetes: Legado jud\u00edo, Besal\u00fa, Garrotxa, Museos y Patrimonio <\/li>\n<\/ul>\n","protected":false},"excerpt":{"rendered":"<p>Micv\u00e9 Foto: Joan Ure\u00f1a &#8211; Ajuntament de Besal\u00fa Poblaci\u00f3n\/Ciutad: Besal\u00fa Municipio: Besal\u00fa Comarca: Garrotxa Categor\u00eda: Pirineo de Girona, Museos y [&hellip;]<\/p>\n","protected":false},"author":1,"featured_media":443,"template":"","edd-categories":[162,64],"edd-tags":[339,495,579,2045],"class_list":["post-2377","download","type-download","status-publish","has-post-thumbnail","hentry","download_category-patrimoni-es","download_category-pirineu-de-girona-es","download_tag-besalu-es","download_tag-garrotxa-es","download_tag-legado-judio-es","download_tag-museos-y-patrimonio","edd-download","edd-download-cat-patrimoni-es","edd-download-cat-pirineu-de-girona-es","edd-download-tag-besalu-es","edd-download-tag-garrotxa-es","edd-download-tag-legado-judio-es","edd-download-tag-museos-y-patrimonio"],"_links":{"self":[{"href":"https:\/\/fotos.costabrava.org\/es\/wp-json\/wp\/v2\/edd-downloads\/2377","targetHints":{"allow":["GET"]}}],"collection":[{"href":"https:\/\/fotos.costabrava.org\/es\/wp-json\/wp\/v2\/edd-downloads"}],"about":[{"href":"https:\/\/fotos.costabrava.org\/es\/wp-json\/wp\/v2\/types\/download"}],"author":[{"embeddable":true,"href":"https:\/\/fotos.costabrava.org\/es\/wp-json\/wp\/v2\/users\/1"}],"version-history":[{"count":3,"href":"https:\/\/fotos.costabrava.org\/es\/wp-json\/wp\/v2\/edd-downloads\/2377\/revisions"}],"predecessor-version":[{"id":27740,"href":"https:\/\/fotos.costabrava.org\/es\/wp-json\/wp\/v2\/edd-downloads\/2377\/revisions\/27740"}],"wp:featuredmedia":[{"embeddable":true,"href":"https:\/\/fotos.costabrava.org\/es\/wp-json\/wp\/v2\/media\/443"}],"wp:attachment":[{"href":"https:\/\/fotos.costabrava.org\/es\/wp-json\/wp\/v2\/media?parent=2377"}],"wp:term":[{"taxonomy":"download_category","embeddable":true,"href":"https:\/\/fotos.costabrava.org\/es\/wp-json\/wp\/v2\/edd-categories?post=2377"},{"taxonomy":"download_tag","embeddable":true,"href":"https:\/\/fotos.costabrava.org\/es\/wp-json\/wp\/v2\/edd-tags?post=2377"}],"curies":[{"name":"wp","href":"https:\/\/api.w.org\/{rel}","templated":true}]}}

Micvé

<p>Micvé</p>
<ul style='padding-left: 30px; font-size: 12px;'>
<li>Foto: Joan Ureña &#8211; Ajuntament de Besalú</li>
<li>Población/Ciutad: Besalú</li>
<li>Municipio: Besalú</li>
<li>Comarca: Garrotxa</li>
<li>Categoría: Pirineo de Girona, Museos y Patrimonio</li>
<li>Etiquetes: Legado judío, Besalú, Garrotxa, Museos y Patrimonio </li>
</ul>

<p>Micvé Foto: Joan Ureña &#8211; Ajuntament de Besalú Población/Ciutad: Besalú Municipio: Besalú Comarca: Garrotxa Categoría: Pirineo de Girona, Museos y [&hellip;]</p>
