{"id":28734,"date":"2018-04-18T07:46:17","date_gmt":"2018-04-18T07:46:17","guid":{"rendered":"http:\/\/fotos.costabrava.org\/downloads\/gos-datura\/"},"modified":"2018-04-18T07:48:21","modified_gmt":"2018-04-18T07:48:21","slug":"gos-datura","status":"publish","type":"download","link":"https:\/\/fotos.costabrava.org\/es\/downloads\/gos-datura\/","title":{"rendered":"Pastor catal\u00e1n"},"content":{"rendered":"<p>Pastor catal\u00e1n<\/p>\n<ul style=\"padding-left: 30px; font-size: 12px;\">\n<li>Autor: Consorci Ripoll\u00e8s Desenvolupament<\/li>\n<li>Poblaci\u00f3n\/Ciudad:\u00a0Ribes de Freser<\/li>\n<li>Municipio:\u00a0Ribes de Freser<\/li>\n<li>Comarca:\u00a0Ripoll\u00e8s<\/li>\n<li>Categor\u00eda: Pirineo de Girona, Cultura viva<\/li>\n<li>Etiquetas: Pastor catal\u00e1n, Ribes de Freser, Ripoll\u00e8s, Cultura viva<\/li>\n<\/ul>\n","protected":false},"excerpt":{"rendered":"<p>Pastor catal\u00e1n Autor: Consorci Ripoll\u00e8s Desenvolupament Poblaci\u00f3n\/Ciudad:\u00a0Ribes de Freser Municipio:\u00a0Ribes de Freser Comarca:\u00a0Ripoll\u00e8s Categor\u00eda: Pirineo de Girona, Cultura viva Etiquetas: [&hellip;]<\/p>\n","protected":false},"author":1,"featured_media":28730,"template":"","edd-categories":[40,64],"edd-tags":[2030,2150,715,724],"class_list":["post-28734","download","type-download","status-publish","has-post-thumbnail","hentry","download_category-cultura-es","download_category-pirineu-de-girona-es","download_tag-cultura-viva-es","download_tag-pastor-catalan","download_tag-ribes-de-freser-es","download_tag-ripolles-es","edd-download","edd-download-cat-cultura-es","edd-download-cat-pirineu-de-girona-es","edd-download-tag-cultura-viva-es","edd-download-tag-pastor-catalan","edd-download-tag-ribes-de-freser-es","edd-download-tag-ripolles-es"],"_links":{"self":[{"href":"https:\/\/fotos.costabrava.org\/es\/wp-json\/wp\/v2\/edd-downloads\/28734","targetHints":{"allow":["GET"]}}],"collection":[{"href":"https:\/\/fotos.costabrava.org\/es\/wp-json\/wp\/v2\/edd-downloads"}],"about":[{"href":"https:\/\/fotos.costabrava.org\/es\/wp-json\/wp\/v2\/types\/download"}],"author":[{"embeddable":true,"href":"https:\/\/fotos.costabrava.org\/es\/wp-json\/wp\/v2\/users\/1"}],"version-history":[{"count":1,"href":"https:\/\/fotos.costabrava.org\/es\/wp-json\/wp\/v2\/edd-downloads\/28734\/revisions"}],"predecessor-version":[{"id":28735,"href":"https:\/\/fotos.costabrava.org\/es\/wp-json\/wp\/v2\/edd-downloads\/28734\/revisions\/28735"}],"wp:featuredmedia":[{"embeddable":true,"href":"https:\/\/fotos.costabrava.org\/es\/wp-json\/wp\/v2\/media\/28730"}],"wp:attachment":[{"href":"https:\/\/fotos.costabrava.org\/es\/wp-json\/wp\/v2\/media?parent=28734"}],"wp:term":[{"taxonomy":"download_category","embeddable":true,"href":"https:\/\/fotos.costabrava.org\/es\/wp-json\/wp\/v2\/edd-categories?post=28734"},{"taxonomy":"download_tag","embeddable":true,"href":"https:\/\/fotos.costabrava.org\/es\/wp-json\/wp\/v2\/edd-tags?post=28734"}],"curies":[{"name":"wp","href":"https:\/\/api.w.org\/{rel}","templated":true}]}}

Pastor catalán

<p>Pastor catalán</p>
<ul style="padding-left: 30px; font-size: 12px;">
<li>Autor: Consorci Ripollès Desenvolupament</li>
<li>Población/Ciudad: Ribes de Freser</li>
<li>Municipio: Ribes de Freser</li>
<li>Comarca: Ripollès</li>
<li>Categoría: Pirineo de Girona, Cultura viva</li>
<li>Etiquetas: Pastor catalán, Ribes de Freser, Ripollès, Cultura viva</li>
</ul>

<p>Pastor catalán Autor: Consorci Ripollès Desenvolupament Población/Ciudad: Ribes de Freser Municipio: Ribes de Freser Comarca: Ripollès Categoría: Pirineo de Girona, Cultura viva Etiquetas: [&hellip;]</p>
