{"id":29615,"date":"2018-04-24T11:33:23","date_gmt":"2018-04-24T11:33:23","guid":{"rendered":"http:\/\/fotos.costabrava.org\/downloads\/festival-jardins-de-cap-roig\/"},"modified":"2018-04-24T11:35:54","modified_gmt":"2018-04-24T11:35:54","slug":"festival-jardins-de-cap-roig","status":"publish","type":"download","link":"https:\/\/fotos.costabrava.org\/es\/downloads\/festival-jardins-de-cap-roig\/","title":{"rendered":"Festival Jardins de Cap Roig"},"content":{"rendered":"<p>Festival Jardins de Cap Roig<\/p>\n<ul style=\"padding-left: 30px; font-size: 12px;\">\n<li>Autor: Jos\u00e9 Ir\u00fan<\/li>\n<li>Poblaci\u00f3n\/Ciudad: Palafrugell\u00a0<\/li>\n<li>Municipio:\u00a0Palafrugell <\/li>\n<li>Comarca:\u00a0Baix Empord\u00e0<\/li>\n<li>Categor\u00eda: Costa Brava, Festivales <\/li>\n<li>Etiquetas: M\u00fasica, Palafrugell, Baix Empord\u00e0, Festival <\/li>\n<\/ul>\n","protected":false},"excerpt":{"rendered":"<p>Festival Jardins de Cap Roig Autor: Jos\u00e9 Ir\u00fan Poblaci\u00f3n\/Ciudad: Palafrugell\u00a0 Municipio:\u00a0Palafrugell Comarca:\u00a0Baix Empord\u00e0 Categor\u00eda: Costa Brava, Festivales Etiquetas: M\u00fasica, Palafrugell, [&hellip;]<\/p>\n","protected":false},"author":1,"featured_media":29611,"template":"","edd-categories":[35,1668],"edd-tags":[322,2056,614,632],"class_list":["post-29615","download","type-download","status-publish","has-post-thumbnail","hentry","download_category-costa-brava-es","download_category-festivales","download_tag-baix-emporda-es","download_tag-festival-es","download_tag-musica-es","download_tag-palafrugell-es","edd-download","edd-download-cat-costa-brava-es","edd-download-cat-festivales","edd-download-tag-baix-emporda-es","edd-download-tag-festival-es","edd-download-tag-musica-es","edd-download-tag-palafrugell-es"],"_links":{"self":[{"href":"https:\/\/fotos.costabrava.org\/es\/wp-json\/wp\/v2\/edd-downloads\/29615","targetHints":{"allow":["GET"]}}],"collection":[{"href":"https:\/\/fotos.costabrava.org\/es\/wp-json\/wp\/v2\/edd-downloads"}],"about":[{"href":"https:\/\/fotos.costabrava.org\/es\/wp-json\/wp\/v2\/types\/download"}],"author":[{"embeddable":true,"href":"https:\/\/fotos.costabrava.org\/es\/wp-json\/wp\/v2\/users\/1"}],"version-history":[{"count":2,"href":"https:\/\/fotos.costabrava.org\/es\/wp-json\/wp\/v2\/edd-downloads\/29615\/revisions"}],"predecessor-version":[{"id":29617,"href":"https:\/\/fotos.costabrava.org\/es\/wp-json\/wp\/v2\/edd-downloads\/29615\/revisions\/29617"}],"wp:featuredmedia":[{"embeddable":true,"href":"https:\/\/fotos.costabrava.org\/es\/wp-json\/wp\/v2\/media\/29611"}],"wp:attachment":[{"href":"https:\/\/fotos.costabrava.org\/es\/wp-json\/wp\/v2\/media?parent=29615"}],"wp:term":[{"taxonomy":"download_category","embeddable":true,"href":"https:\/\/fotos.costabrava.org\/es\/wp-json\/wp\/v2\/edd-categories?post=29615"},{"taxonomy":"download_tag","embeddable":true,"href":"https:\/\/fotos.costabrava.org\/es\/wp-json\/wp\/v2\/edd-tags?post=29615"}],"curies":[{"name":"wp","href":"https:\/\/api.w.org\/{rel}","templated":true}]}}

<p>Festival Jardins de Cap Roig</p>
<ul style="padding-left: 30px; font-size: 12px;">
<li>Autor: José Irún</li>
<li>Población/Ciudad: Palafrugell </li>
<li>Municipio: Palafrugell </li>
<li>Comarca: Baix Empordà</li>
<li>Categoría: Costa Brava, Festivales </li>
<li>Etiquetas: Música, Palafrugell, Baix Empordà, Festival </li>
</ul>

<p>Festival Jardins de Cap Roig Autor: José Irún Población/Ciudad: Palafrugell  Municipio: Palafrugell Comarca: Baix Empordà Categoría: Costa Brava, Festivales Etiquetas: Música, Palafrugell, [&hellip;]</p>
