{"id":34403,"date":"2018-08-22T08:12:12","date_gmt":"2018-08-22T08:12:12","guid":{"rendered":"http:\/\/fotos.costabrava.org\/downloads\/cases-de-lonyar\/"},"modified":"2018-08-22T08:15:32","modified_gmt":"2018-08-22T08:15:32","slug":"cases-de-lonyar","status":"publish","type":"download","link":"https:\/\/fotos.costabrava.org\/es\/downloads\/cases-de-lonyar\/","title":{"rendered":"Casas del Onyar"},"content":{"rendered":"<p>Casas del Onyar<\/p>\n<ul style=\"padding-left: 30px; font-size: 12px;\">\n<li>Autor: Jase Wilson<\/li>\n<li>Poblaci\u00f3n\/Ciudad:\u00a0Girona <\/li>\n<li>Municipio:\u00a0 Girona<\/li>\n<li>Comarca:\u00a0Giron\u00e8s<\/li>\n<li>Categor\u00eda: Costa Brava, Pueblos<\/li>\n<li>Etiquetas: Girona, Giron\u00e8s, Pueblos<\/li>\n<\/ul>\n","protected":false},"excerpt":{"rendered":"<p>Casas del Onyar Autor: Jase Wilson Poblaci\u00f3n\/Ciudad:\u00a0Girona Municipio:\u00a0 Girona Comarca:\u00a0Giron\u00e8s Categor\u00eda: Costa Brava, Pueblos Etiquetas: Girona, Giron\u00e8s, Pueblos<\/p>\n","protected":false},"author":1,"featured_media":34399,"template":"","edd-categories":[35,985],"edd-tags":[503,1033,675,2378],"class_list":["post-34403","download","type-download","status-publish","has-post-thumbnail","hentry","download_category-costa-brava-es","download_category-pueblos-es","download_tag-girona-es","download_tag-patrimonio-es","download_tag-pueblos-es","download_tag-rio-onyar-es","edd-download","edd-download-cat-costa-brava-es","edd-download-cat-pueblos-es","edd-download-tag-girona-es","edd-download-tag-patrimonio-es","edd-download-tag-pueblos-es","edd-download-tag-rio-onyar-es"],"_links":{"self":[{"href":"https:\/\/fotos.costabrava.org\/es\/wp-json\/wp\/v2\/edd-downloads\/34403","targetHints":{"allow":["GET"]}}],"collection":[{"href":"https:\/\/fotos.costabrava.org\/es\/wp-json\/wp\/v2\/edd-downloads"}],"about":[{"href":"https:\/\/fotos.costabrava.org\/es\/wp-json\/wp\/v2\/types\/download"}],"author":[{"embeddable":true,"href":"https:\/\/fotos.costabrava.org\/es\/wp-json\/wp\/v2\/users\/1"}],"version-history":[{"count":1,"href":"https:\/\/fotos.costabrava.org\/es\/wp-json\/wp\/v2\/edd-downloads\/34403\/revisions"}],"predecessor-version":[{"id":34404,"href":"https:\/\/fotos.costabrava.org\/es\/wp-json\/wp\/v2\/edd-downloads\/34403\/revisions\/34404"}],"wp:featuredmedia":[{"embeddable":true,"href":"https:\/\/fotos.costabrava.org\/es\/wp-json\/wp\/v2\/media\/34399"}],"wp:attachment":[{"href":"https:\/\/fotos.costabrava.org\/es\/wp-json\/wp\/v2\/media?parent=34403"}],"wp:term":[{"taxonomy":"download_category","embeddable":true,"href":"https:\/\/fotos.costabrava.org\/es\/wp-json\/wp\/v2\/edd-categories?post=34403"},{"taxonomy":"download_tag","embeddable":true,"href":"https:\/\/fotos.costabrava.org\/es\/wp-json\/wp\/v2\/edd-tags?post=34403"}],"curies":[{"name":"wp","href":"https:\/\/api.w.org\/{rel}","templated":true}]}}

<p>Casas del Onyar</p>
<ul style="padding-left: 30px; font-size: 12px;">
<li>Autor: Jase Wilson</li>
<li>Población/Ciudad: Girona </li>
<li>Municipio:  Girona</li>
<li>Comarca: Gironès</li>
<li>Categoría: Costa Brava, Pueblos</li>
<li>Etiquetas: Girona, Gironès, Pueblos</li>
</ul>

<p>Casas del Onyar Autor: Jase Wilson Población/Ciudad: Girona Municipio:  Girona Comarca: Gironès Categoría: Costa Brava, Pueblos Etiquetas: Girona, Gironès, Pueblos</p>
