{"id":41074,"date":"2019-04-15T07:33:03","date_gmt":"2019-04-15T07:33:03","guid":{"rendered":"https:\/\/fotos.costabrava.org\/downloads\/tren-cremellera-vall-nuria\/"},"modified":"2019-04-15T07:51:35","modified_gmt":"2019-04-15T07:51:35","slug":"tren-cremellera-vall-nuria","status":"publish","type":"download","link":"https:\/\/fotos.costabrava.org\/es\/downloads\/tren-cremellera-vall-nuria\/","title":{"rendered":"Tren Cremellera, Vall de Nuria"},"content":{"rendered":"<p>Cremallera de N\u00faria<\/p>\n<ul style=\"padding-left: 30px; font-size: 12px;\">\n<li>Autor: Maria Geli- Pilar Planigum\u00e0<\/li>\n<li>Poblaci\u00f3n\/Ciudad: Queralbs<\/li>\n<li>Municipio: Queralbs<\/li>\n<li>Comarca: Ripoll\u00e8s<\/li>\n<li>Categor\u00eda:Pirineu de Girona, Infraestructuras <\/li>\n<li>Etiquetas: Querabls, Vall de N\u00faria, Ripoll\u00e9s, Infraestructuras, Cremallera de N\u00faria<\/li>\n<\/ul>\n","protected":false},"excerpt":{"rendered":"<p>Cremallera de N\u00faria Autor: Maria Geli- Pilar Planigum\u00e0 Poblaci\u00f3n\/Ciudad: Queralbs Municipio: Queralbs Comarca: Ripoll\u00e8s Categor\u00eda:Pirineu de Girona, Infraestructuras Etiquetas: Querabls, [&hellip;]<\/p>\n","protected":false},"author":1,"featured_media":41070,"template":"","edd-categories":[81,64],"edd-tags":[2009,1929,706,724,853],"class_list":["post-41074","download","type-download","status-publish","has-post-thumbnail","hentry","download_category-infraestructures-es","download_category-pirineu-de-girona-es","download_tag-cremallera-de-nuria-es","download_tag-infraestructures-es","download_tag-queralbs-es","download_tag-ripolles-es","download_tag-vall-de-nuria-es","edd-download","edd-download-cat-infraestructures-es","edd-download-cat-pirineu-de-girona-es","edd-download-tag-cremallera-de-nuria-es","edd-download-tag-infraestructures-es","edd-download-tag-queralbs-es","edd-download-tag-ripolles-es","edd-download-tag-vall-de-nuria-es"],"_links":{"self":[{"href":"https:\/\/fotos.costabrava.org\/es\/wp-json\/wp\/v2\/edd-downloads\/41074","targetHints":{"allow":["GET"]}}],"collection":[{"href":"https:\/\/fotos.costabrava.org\/es\/wp-json\/wp\/v2\/edd-downloads"}],"about":[{"href":"https:\/\/fotos.costabrava.org\/es\/wp-json\/wp\/v2\/types\/download"}],"author":[{"embeddable":true,"href":"https:\/\/fotos.costabrava.org\/es\/wp-json\/wp\/v2\/users\/1"}],"version-history":[{"count":2,"href":"https:\/\/fotos.costabrava.org\/es\/wp-json\/wp\/v2\/edd-downloads\/41074\/revisions"}],"predecessor-version":[{"id":41081,"href":"https:\/\/fotos.costabrava.org\/es\/wp-json\/wp\/v2\/edd-downloads\/41074\/revisions\/41081"}],"wp:featuredmedia":[{"embeddable":true,"href":"https:\/\/fotos.costabrava.org\/es\/wp-json\/wp\/v2\/media\/41070"}],"wp:attachment":[{"href":"https:\/\/fotos.costabrava.org\/es\/wp-json\/wp\/v2\/media?parent=41074"}],"wp:term":[{"taxonomy":"download_category","embeddable":true,"href":"https:\/\/fotos.costabrava.org\/es\/wp-json\/wp\/v2\/edd-categories?post=41074"},{"taxonomy":"download_tag","embeddable":true,"href":"https:\/\/fotos.costabrava.org\/es\/wp-json\/wp\/v2\/edd-tags?post=41074"}],"curies":[{"name":"wp","href":"https:\/\/api.w.org\/{rel}","templated":true}]}}

<p>Cremallera de Núria</p>
<ul style="padding-left: 30px; font-size: 12px;">
<li>Autor: Maria Geli- Pilar Planigumà</li>
<li>Población/Ciudad: Queralbs</li>
<li>Municipio: Queralbs</li>
<li>Comarca: Ripollès</li>
<li>Categoría:Pirineu de Girona, Infraestructuras </li>
<li>Etiquetas: Querabls, Vall de Núria, Ripollés, Infraestructuras, Cremallera de Núria</li>
</ul>

<p>Cremallera de Núria Autor: Maria Geli- Pilar Planigumà Población/Ciudad: Queralbs Municipio: Queralbs Comarca: Ripollès Categoría:Pirineu de Girona, Infraestructuras Etiquetas: Querabls, [&hellip;]</p>
