{"id":41533,"date":"2019-04-16T10:43:31","date_gmt":"2019-04-16T10:43:31","guid":{"rendered":"https:\/\/fotos.costabrava.org\/downloads\/cadaques-senderista\/"},"modified":"2023-03-01T12:27:12","modified_gmt":"2023-03-01T12:27:12","slug":"cadaques-senderista","status":"publish","type":"download","link":"https:\/\/fotos.costabrava.org\/es\/downloads\/cadaques-senderista\/","title":{"rendered":"Cadaqu\u00e9s Senderista"},"content":{"rendered":"<p>Senderista<\/p>\n<ul style=\"padding-left: 30px; font-size: 12px;\">\n<li>Autor: Francesc Tur<\/li>\n<li>Poblaci\u00f3n\/Ciudad: Cadaqu\u00e9s<\/li>\n<li>Comarca:  Alt Empord\u00e0<\/li>\n<li>Categor\u00eda: Costa Brava,, Turismo Activo, Pueblos<\/li>\n<li>Etiquetas: Cadaqu\u00e9s, Alt Empord\u00e0, Pueblos, Senderismo<\/li>\n<\/ul>\n","protected":false},"excerpt":{"rendered":"<p>Senderista Autor: Francesc Tur Poblaci\u00f3n\/Ciudad: Cadaqu\u00e9s Comarca: Alt Empord\u00e0 Categor\u00eda: Costa Brava,, Turismo Activo, Pueblos Etiquetas: Cadaqu\u00e9s, Alt Empord\u00e0, Pueblos, [&hellip;]<\/p>\n","protected":false},"author":1,"featured_media":41523,"template":"","edd-categories":[35,985,76],"edd-tags":[302,356,675,803],"class_list":["post-41533","download","type-download","status-publish","has-post-thumbnail","hentry","download_category-costa-brava-es","download_category-pueblos-es","download_category-turisme-actiu-es","download_tag-alt-emporda-es","download_tag-cadaques-es","download_tag-pueblos-es","download_tag-senderismo-es","edd-download","edd-download-cat-costa-brava-es","edd-download-cat-pueblos-es","edd-download-cat-turisme-actiu-es","edd-download-tag-alt-emporda-es","edd-download-tag-cadaques-es","edd-download-tag-pueblos-es","edd-download-tag-senderismo-es"],"_links":{"self":[{"href":"https:\/\/fotos.costabrava.org\/es\/wp-json\/wp\/v2\/edd-downloads\/41533","targetHints":{"allow":["GET"]}}],"collection":[{"href":"https:\/\/fotos.costabrava.org\/es\/wp-json\/wp\/v2\/edd-downloads"}],"about":[{"href":"https:\/\/fotos.costabrava.org\/es\/wp-json\/wp\/v2\/types\/download"}],"author":[{"embeddable":true,"href":"https:\/\/fotos.costabrava.org\/es\/wp-json\/wp\/v2\/users\/1"}],"version-history":[{"count":4,"href":"https:\/\/fotos.costabrava.org\/es\/wp-json\/wp\/v2\/edd-downloads\/41533\/revisions"}],"predecessor-version":[{"id":81454,"href":"https:\/\/fotos.costabrava.org\/es\/wp-json\/wp\/v2\/edd-downloads\/41533\/revisions\/81454"}],"wp:featuredmedia":[{"embeddable":true,"href":"https:\/\/fotos.costabrava.org\/es\/wp-json\/wp\/v2\/media\/41523"}],"wp:attachment":[{"href":"https:\/\/fotos.costabrava.org\/es\/wp-json\/wp\/v2\/media?parent=41533"}],"wp:term":[{"taxonomy":"download_category","embeddable":true,"href":"https:\/\/fotos.costabrava.org\/es\/wp-json\/wp\/v2\/edd-categories?post=41533"},{"taxonomy":"download_tag","embeddable":true,"href":"https:\/\/fotos.costabrava.org\/es\/wp-json\/wp\/v2\/edd-tags?post=41533"}],"curies":[{"name":"wp","href":"https:\/\/api.w.org\/{rel}","templated":true}]}}

Cadaqués Senderista

<p>Senderista</p>
<ul style="padding-left: 30px; font-size: 12px;">
<li>Autor: Francesc Tur</li>
<li>Población/Ciudad: Cadaqués</li>
<li>Comarca:  Alt Empordà</li>
<li>Categoría: Costa Brava,, Turismo Activo, Pueblos</li>
<li>Etiquetas: Cadaqués, Alt Empordà, Pueblos, Senderismo</li>
</ul>

<p>Senderista Autor: Francesc Tur Población/Ciudad: Cadaqués Comarca: Alt Empordà Categoría: Costa Brava,, Turismo Activo, Pueblos Etiquetas: Cadaqués, Alt Empordà, Pueblos, [&hellip;]</p>
