{"id":43678,"date":"2019-05-15T08:38:15","date_gmt":"2019-05-15T08:38:15","guid":{"rendered":"https:\/\/fotos.costabrava.org\/downloads\/cap-de-creus-6\/"},"modified":"2019-05-15T08:40:04","modified_gmt":"2019-05-15T08:40:04","slug":"cap-de-creus-6","status":"publish","type":"download","link":"https:\/\/fotos.costabrava.org\/es\/downloads\/cap-de-creus-6\/","title":{"rendered":"Cap de Creus 6"},"content":{"rendered":"<p>Cap de Creus<\/p>\n<ul style=\"padding-left: 30px; font-size: 12px;\">\n<li>Autor: Itiner\u00e0nnia <\/li>\n<li>Comarca:\u00a0Alt Empord\u00e0<\/li>\n<li>Categor\u00eda: Costa Brava, Parques Naturales y Natura<\/li>\n<li>Etiquetas: Cap de Creus, Alt Empord\u00e0, Costa Brava, Parques Naturales y Natura, Playas y Calas <\/li>\n<\/ul>\n","protected":false},"excerpt":{"rendered":"<p>Cap de Creus Autor: Itiner\u00e0nnia Comarca:\u00a0Alt Empord\u00e0 Categor\u00eda: Costa Brava, Parques Naturales y Natura Etiquetas: Cap de Creus, Alt Empord\u00e0, [&hellip;]<\/p>\n","protected":false},"author":1,"featured_media":43670,"template":"","edd-categories":[35,60],"edd-tags":[302,1571,1602,1772,651,663],"class_list":["post-43678","download","type-download","status-publish","has-post-thumbnail","hentry","download_category-costa-brava-es","download_category-natura-es","download_tag-alt-emporda-es","download_tag-cap-de-creus-es","download_tag-costa-brava-es","download_tag-natura-es","download_tag-parques-naturales-es","download_tag-playas-y-calas-es","edd-download","edd-download-cat-costa-brava-es","edd-download-cat-natura-es","edd-download-tag-alt-emporda-es","edd-download-tag-cap-de-creus-es","edd-download-tag-costa-brava-es","edd-download-tag-natura-es","edd-download-tag-parques-naturales-es","edd-download-tag-playas-y-calas-es"],"_links":{"self":[{"href":"https:\/\/fotos.costabrava.org\/es\/wp-json\/wp\/v2\/edd-downloads\/43678","targetHints":{"allow":["GET"]}}],"collection":[{"href":"https:\/\/fotos.costabrava.org\/es\/wp-json\/wp\/v2\/edd-downloads"}],"about":[{"href":"https:\/\/fotos.costabrava.org\/es\/wp-json\/wp\/v2\/types\/download"}],"author":[{"embeddable":true,"href":"https:\/\/fotos.costabrava.org\/es\/wp-json\/wp\/v2\/users\/1"}],"version-history":[{"count":1,"href":"https:\/\/fotos.costabrava.org\/es\/wp-json\/wp\/v2\/edd-downloads\/43678\/revisions"}],"predecessor-version":[{"id":43681,"href":"https:\/\/fotos.costabrava.org\/es\/wp-json\/wp\/v2\/edd-downloads\/43678\/revisions\/43681"}],"wp:featuredmedia":[{"embeddable":true,"href":"https:\/\/fotos.costabrava.org\/es\/wp-json\/wp\/v2\/media\/43670"}],"wp:attachment":[{"href":"https:\/\/fotos.costabrava.org\/es\/wp-json\/wp\/v2\/media?parent=43678"}],"wp:term":[{"taxonomy":"download_category","embeddable":true,"href":"https:\/\/fotos.costabrava.org\/es\/wp-json\/wp\/v2\/edd-categories?post=43678"},{"taxonomy":"download_tag","embeddable":true,"href":"https:\/\/fotos.costabrava.org\/es\/wp-json\/wp\/v2\/edd-tags?post=43678"}],"curies":[{"name":"wp","href":"https:\/\/api.w.org\/{rel}","templated":true}]}}

<p>Cap de Creus</p>
<ul style="padding-left: 30px; font-size: 12px;">
<li>Autor: Itinerànnia </li>
<li>Comarca: Alt Empordà</li>
<li>Categoría: Costa Brava, Parques Naturales y Natura</li>
<li>Etiquetas: Cap de Creus, Alt Empordà, Costa Brava, Parques Naturales y Natura, Playas y Calas </li>
</ul>

<p>Cap de Creus Autor: Itinerànnia Comarca: Alt Empordà Categoría: Costa Brava, Parques Naturales y Natura Etiquetas: Cap de Creus, Alt Empordà, [&hellip;]</p>
