{"id":1698,"date":"2014-11-24T05:52:21","date_gmt":"2014-11-24T05:52:21","guid":{"rendered":"http:\/\/fotos.costabrava.org\/?post_type=download&#038;p=1698"},"modified":"2018-04-11T09:45:52","modified_gmt":"2018-04-11T09:45:52","slug":"ceramica-de-quart","status":"publish","type":"download","link":"https:\/\/fotos.costabrava.org\/fr\/downloads\/ceramica-de-quart\/","title":{"rendered":"C\u00e9ramique de Quart"},"content":{"rendered":"<p>C\u00e9ramique de Quart<\/p>\n<ul style='padding-left: 30px; font-size: 12px;'>\n<li>Photo: Jordi Roca<\/li>\n<li>Localit\u00e9: Quart<\/li>\n<li>Commune: Quart<\/li>\n<li>R\u00e9gion: Giron\u00e8s<\/li>\n<li>Cat\u00e9gorie: Costa Brava, Exp\u00e9riences Culturelles<\/li>\n<li>Tags: Artisanat, C\u00e9ramique, Quart, Giron\u00e8s, Exp\u00e9riences Culturelles<\/li>\n<\/ul>\n","protected":false},"excerpt":{"rendered":"<p>C\u00e9ramique de Quart Photo: Jordi Roca Localit\u00e9: Quart Commune: Quart R\u00e9gion: Giron\u00e8s Cat\u00e9gorie: Costa Brava, Exp\u00e9riences Culturelles Tags: Artisanat, C\u00e9ramique, [&hellip;]<\/p>\n","protected":false},"author":1,"featured_media":741,"template":"","edd-categories":[33,38],"edd-tags":[317,409,506,704],"class_list":["post-1698","download","type-download","status-publish","has-post-thumbnail","hentry","download_category-costa-brava-fr","download_category-cultura-fr","download_tag-artisanat-fr","download_tag-ceramique-fr","download_tag-girones-fr","download_tag-quart-fr","edd-download","edd-download-cat-costa-brava-fr","edd-download-cat-cultura-fr","edd-download-tag-artisanat-fr","edd-download-tag-ceramique-fr","edd-download-tag-girones-fr","edd-download-tag-quart-fr"],"_links":{"self":[{"href":"https:\/\/fotos.costabrava.org\/fr\/wp-json\/wp\/v2\/edd-downloads\/1698","targetHints":{"allow":["GET"]}}],"collection":[{"href":"https:\/\/fotos.costabrava.org\/fr\/wp-json\/wp\/v2\/edd-downloads"}],"about":[{"href":"https:\/\/fotos.costabrava.org\/fr\/wp-json\/wp\/v2\/types\/download"}],"author":[{"embeddable":true,"href":"https:\/\/fotos.costabrava.org\/fr\/wp-json\/wp\/v2\/users\/1"}],"version-history":[{"count":3,"href":"https:\/\/fotos.costabrava.org\/fr\/wp-json\/wp\/v2\/edd-downloads\/1698\/revisions"}],"predecessor-version":[{"id":27999,"href":"https:\/\/fotos.costabrava.org\/fr\/wp-json\/wp\/v2\/edd-downloads\/1698\/revisions\/27999"}],"wp:featuredmedia":[{"embeddable":true,"href":"https:\/\/fotos.costabrava.org\/fr\/wp-json\/wp\/v2\/media\/741"}],"wp:attachment":[{"href":"https:\/\/fotos.costabrava.org\/fr\/wp-json\/wp\/v2\/media?parent=1698"}],"wp:term":[{"taxonomy":"download_category","embeddable":true,"href":"https:\/\/fotos.costabrava.org\/fr\/wp-json\/wp\/v2\/edd-categories?post=1698"},{"taxonomy":"download_tag","embeddable":true,"href":"https:\/\/fotos.costabrava.org\/fr\/wp-json\/wp\/v2\/edd-tags?post=1698"}],"curies":[{"name":"wp","href":"https:\/\/api.w.org\/{rel}","templated":true}]}}

Céramique de Quart

<p>Céramique de Quart</p>
<ul style='padding-left: 30px; font-size: 12px;'>
<li>Photo: Jordi Roca</li>
<li>Localité: Quart</li>
<li>Commune: Quart</li>
<li>Région: Gironès</li>
<li>Catégorie: Costa Brava, Expériences Culturelles</li>
<li>Tags: Artisanat, Céramique, Quart, Gironès, Expériences Culturelles</li>
</ul>

<p>Céramique de Quart Photo: Jordi Roca Localité: Quart Commune: Quart Région: Gironès Catégorie: Costa Brava, Expériences Culturelles Tags: Artisanat, Céramique, [&hellip;]</p>
