{"id":2216,"date":"2014-11-21T15:25:17","date_gmt":"2014-11-21T15:25:17","guid":{"rendered":"http:\/\/fotos.costabrava.org\/?post_type=download&#038;p=2216"},"modified":"2018-04-09T11:14:09","modified_gmt":"2018-04-09T11:14:09","slug":"sant-pere-de-lligorda","status":"publish","type":"download","link":"https:\/\/fotos.costabrava.org\/fr\/downloads\/sant-pere-de-lligorda\/","title":{"rendered":"Sant Pere de Lligord\u00e0"},"content":{"rendered":"<p>Sant Pere de Lligord\u00e0<\/p>\n<ul style='padding-left: 30px; font-size: 12px;'>\n<li>Photo: Maria Geli &#8211; Pilar Planagum\u00e0<\/li>\n<li>Localit\u00e9: Ligord\u00e0<\/li>\n<li>Commune: Beuda<\/li>\n<li>R\u00e9gion: Garrotxa<\/li>\n<li>Cat\u00e9gorie: Pyrenees, Mus\u00e9es et Patrimoine<\/li>\n<li>Tags: Ligord\u00e0, Beuda, Garrotxa, Mus\u00e9es et Patrimoine<\/li>\n<\/ul>\n","protected":false},"excerpt":{"rendered":"<p>Sant Pere de Lligord\u00e0 Photo: Maria Geli &#8211; Pilar Planagum\u00e0 Localit\u00e9: Ligord\u00e0 Commune: Beuda R\u00e9gion: Garrotxa Cat\u00e9gorie: Pyrenees, Mus\u00e9es et [&hellip;]<\/p>\n","protected":false},"author":1,"featured_media":511,"template":"","edd-categories":[160,62],"edd-tags":[342,494,565,2043],"class_list":["post-2216","download","type-download","status-publish","has-post-thumbnail","hentry","download_category-patrimoni-fr","download_category-pirineu-de-girona-fr","download_tag-beuda-fr","download_tag-garrotxa-fr","download_tag-ligorda-fr","download_tag-musees-et-patrimoine","edd-download","edd-download-cat-patrimoni-fr","edd-download-cat-pirineu-de-girona-fr","edd-download-tag-beuda-fr","edd-download-tag-garrotxa-fr","edd-download-tag-ligorda-fr","edd-download-tag-musees-et-patrimoine"],"_links":{"self":[{"href":"https:\/\/fotos.costabrava.org\/fr\/wp-json\/wp\/v2\/edd-downloads\/2216","targetHints":{"allow":["GET"]}}],"collection":[{"href":"https:\/\/fotos.costabrava.org\/fr\/wp-json\/wp\/v2\/edd-downloads"}],"about":[{"href":"https:\/\/fotos.costabrava.org\/fr\/wp-json\/wp\/v2\/types\/download"}],"author":[{"embeddable":true,"href":"https:\/\/fotos.costabrava.org\/fr\/wp-json\/wp\/v2\/users\/1"}],"version-history":[{"count":4,"href":"https:\/\/fotos.costabrava.org\/fr\/wp-json\/wp\/v2\/edd-downloads\/2216\/revisions"}],"predecessor-version":[{"id":27833,"href":"https:\/\/fotos.costabrava.org\/fr\/wp-json\/wp\/v2\/edd-downloads\/2216\/revisions\/27833"}],"wp:featuredmedia":[{"embeddable":true,"href":"https:\/\/fotos.costabrava.org\/fr\/wp-json\/wp\/v2\/media\/511"}],"wp:attachment":[{"href":"https:\/\/fotos.costabrava.org\/fr\/wp-json\/wp\/v2\/media?parent=2216"}],"wp:term":[{"taxonomy":"download_category","embeddable":true,"href":"https:\/\/fotos.costabrava.org\/fr\/wp-json\/wp\/v2\/edd-categories?post=2216"},{"taxonomy":"download_tag","embeddable":true,"href":"https:\/\/fotos.costabrava.org\/fr\/wp-json\/wp\/v2\/edd-tags?post=2216"}],"curies":[{"name":"wp","href":"https:\/\/api.w.org\/{rel}","templated":true}]}}

Sant Pere de Lligordà

<p>Sant Pere de Lligordà</p>
<ul style='padding-left: 30px; font-size: 12px;'>
<li>Photo: Maria Geli &#8211; Pilar Planagumà</li>
<li>Localité: Ligordà</li>
<li>Commune: Beuda</li>
<li>Région: Garrotxa</li>
<li>Catégorie: Pyrenees, Musées et Patrimoine</li>
<li>Tags: Ligordà, Beuda, Garrotxa, Musées et Patrimoine</li>
</ul>

<p>Sant Pere de Lligordà Photo: Maria Geli &#8211; Pilar Planagumà Localité: Ligordà Commune: Beuda Région: Garrotxa Catégorie: Pyrenees, Musées et [&hellip;]</p>
