{"id":23931,"date":"2017-01-20T11:58:22","date_gmt":"2017-01-20T11:58:22","guid":{"rendered":"http:\/\/fotos.costabrava.org\/downloads\/vall-de-nuria-2-2\/"},"modified":"2018-02-23T12:40:21","modified_gmt":"2018-02-23T12:40:21","slug":"vall-de-nuria-2-2","status":"publish","type":"download","link":"https:\/\/fotos.costabrava.org\/fr\/downloads\/vall-de-nuria-2-2\/","title":{"rendered":"Vall de N\u00faria #2"},"content":{"rendered":"<p>Vall de N\u00faria<\/p>\n<ul style=\"padding-left: 30px; font-size: 12px;\">\n<li>Photo: Maria Geli i Pilar Planagum\u00e0<\/li>\n<li>Localit\u00e9:\u00a0Queralbs<\/li>\n<li>Commune:\u00a0Queralbs<\/li>\n<li>R\u00e9gion:\u00a0Ripoll\u00e8s<\/li>\n<li>Cat\u00e9gorie: Famille, Pyrenees<\/li>\n<li>Tags: Neige, Ripoll\u00e8s, Vall de N\u00faria<\/li>\n<\/ul>\n","protected":false},"excerpt":{"rendered":"<p>Vall de N\u00faria Photo: Maria Geli i Pilar Planagum\u00e0 Localit\u00e9:\u00a0Queralbs Commune:\u00a0Queralbs R\u00e9gion:\u00a0Ripoll\u00e8s Cat\u00e9gorie: Famille, Pyrenees Tags: Neige, Ripoll\u00e8s, Vall de [&hellip;]<\/p>\n","protected":false},"author":1,"featured_media":14080,"template":"","edd-categories":[47,62],"edd-tags":[616,726,851],"class_list":["post-23931","download","type-download","status-publish","has-post-thumbnail","hentry","download_category-familia-fr","download_category-pirineu-de-girona-fr","download_tag-neige-fr","download_tag-ripolles-fr","download_tag-vallee-de-nuria-fr","edd-download","edd-download-cat-familia-fr","edd-download-cat-pirineu-de-girona-fr","edd-download-tag-neige-fr","edd-download-tag-ripolles-fr","edd-download-tag-vallee-de-nuria-fr"],"_links":{"self":[{"href":"https:\/\/fotos.costabrava.org\/fr\/wp-json\/wp\/v2\/edd-downloads\/23931","targetHints":{"allow":["GET"]}}],"collection":[{"href":"https:\/\/fotos.costabrava.org\/fr\/wp-json\/wp\/v2\/edd-downloads"}],"about":[{"href":"https:\/\/fotos.costabrava.org\/fr\/wp-json\/wp\/v2\/types\/download"}],"author":[{"embeddable":true,"href":"https:\/\/fotos.costabrava.org\/fr\/wp-json\/wp\/v2\/users\/1"}],"version-history":[{"count":2,"href":"https:\/\/fotos.costabrava.org\/fr\/wp-json\/wp\/v2\/edd-downloads\/23931\/revisions"}],"predecessor-version":[{"id":23933,"href":"https:\/\/fotos.costabrava.org\/fr\/wp-json\/wp\/v2\/edd-downloads\/23931\/revisions\/23933"}],"wp:featuredmedia":[{"embeddable":true,"href":"https:\/\/fotos.costabrava.org\/fr\/wp-json\/wp\/v2\/media\/14080"}],"wp:attachment":[{"href":"https:\/\/fotos.costabrava.org\/fr\/wp-json\/wp\/v2\/media?parent=23931"}],"wp:term":[{"taxonomy":"download_category","embeddable":true,"href":"https:\/\/fotos.costabrava.org\/fr\/wp-json\/wp\/v2\/edd-categories?post=23931"},{"taxonomy":"download_tag","embeddable":true,"href":"https:\/\/fotos.costabrava.org\/fr\/wp-json\/wp\/v2\/edd-tags?post=23931"}],"curies":[{"name":"wp","href":"https:\/\/api.w.org\/{rel}","templated":true}]}}

Vall de Núria #2

<p>Vall de Núria</p>
<ul style="padding-left: 30px; font-size: 12px;">
<li>Photo: Maria Geli i Pilar Planagumà</li>
<li>Localité: Queralbs</li>
<li>Commune: Queralbs</li>
<li>Région: Ripollès</li>
<li>Catégorie: Famille, Pyrenees</li>
<li>Tags: Neige, Ripollès, Vall de Núria</li>
</ul>

<p>Vall de Núria Photo: Maria Geli i Pilar Planagumà Localité: Queralbs Commune: Queralbs Région: Ripollès Catégorie: Famille, Pyrenees Tags: Neige, Ripollès, Vall de [&hellip;]</p>
