{"id":24281,"date":"2018-01-11T12:09:59","date_gmt":"2018-01-11T12:09:59","guid":{"rendered":"http:\/\/fotos.costabrava.org\/downloads\/celler-brugarol-palamos\/"},"modified":"2018-02-27T07:29:25","modified_gmt":"2018-02-27T07:29:25","slug":"celler-brugarol-palamos","status":"publish","type":"download","link":"https:\/\/fotos.costabrava.org\/fr\/downloads\/celler-brugarol-palamos\/","title":{"rendered":"Celler Brugarol"},"content":{"rendered":"<p>Celler Brugarol<\/p>\n<ul style=\"padding-left: 30px; font-size: 12px;\">\n<li>Photo: Celler Brugarol<\/li>\n<li>Localit\u00e9:\u00a0Palam\u00f3s <\/li>\n<li>Commune: Palam\u00f3s\u00a0<\/li>\n<li>R\u00e9gion:\u00a0Baix Empord\u00e0<\/li>\n<li>Cat\u00e9gorie: Costa Brava, Route du Vin<\/li>\n<li>Tags: Palam\u00f3s, Baix Empord\u00e0, Celler Brugarol, Route du Vin  <\/li>\n<\/ul>\n","protected":false},"excerpt":{"rendered":"<p>Celler Brugarol Photo: Celler Brugarol Localit\u00e9:\u00a0Palam\u00f3s Commune: Palam\u00f3s\u00a0 R\u00e9gion:\u00a0Baix Empord\u00e0 Cat\u00e9gorie: Costa Brava, Route du Vin Tags: Palam\u00f3s, Baix Empord\u00e0, [&hellip;]<\/p>\n","protected":false},"author":1,"featured_media":18434,"template":"","edd-categories":[33,42],"edd-tags":[321,1813,638,1814],"class_list":["post-24281","download","type-download","status-publish","has-post-thumbnail","hentry","download_category-costa-brava-fr","download_category-routevin-fr","download_tag-baix-emporda-fr","download_tag-celler-brugarol-fr","download_tag-palamos-fr","download_tag-ruta-del-vi-fr","edd-download","edd-download-cat-costa-brava-fr","edd-download-cat-routevin-fr","edd-download-tag-baix-emporda-fr","edd-download-tag-celler-brugarol-fr","edd-download-tag-palamos-fr","edd-download-tag-ruta-del-vi-fr"],"_links":{"self":[{"href":"https:\/\/fotos.costabrava.org\/fr\/wp-json\/wp\/v2\/edd-downloads\/24281","targetHints":{"allow":["GET"]}}],"collection":[{"href":"https:\/\/fotos.costabrava.org\/fr\/wp-json\/wp\/v2\/edd-downloads"}],"about":[{"href":"https:\/\/fotos.costabrava.org\/fr\/wp-json\/wp\/v2\/types\/download"}],"author":[{"embeddable":true,"href":"https:\/\/fotos.costabrava.org\/fr\/wp-json\/wp\/v2\/users\/1"}],"version-history":[{"count":1,"href":"https:\/\/fotos.costabrava.org\/fr\/wp-json\/wp\/v2\/edd-downloads\/24281\/revisions"}],"predecessor-version":[{"id":24284,"href":"https:\/\/fotos.costabrava.org\/fr\/wp-json\/wp\/v2\/edd-downloads\/24281\/revisions\/24284"}],"wp:featuredmedia":[{"embeddable":true,"href":"https:\/\/fotos.costabrava.org\/fr\/wp-json\/wp\/v2\/media\/18434"}],"wp:attachment":[{"href":"https:\/\/fotos.costabrava.org\/fr\/wp-json\/wp\/v2\/media?parent=24281"}],"wp:term":[{"taxonomy":"download_category","embeddable":true,"href":"https:\/\/fotos.costabrava.org\/fr\/wp-json\/wp\/v2\/edd-categories?post=24281"},{"taxonomy":"download_tag","embeddable":true,"href":"https:\/\/fotos.costabrava.org\/fr\/wp-json\/wp\/v2\/edd-tags?post=24281"}],"curies":[{"name":"wp","href":"https:\/\/api.w.org\/{rel}","templated":true}]}}

<p>Celler Brugarol</p>
<ul style="padding-left: 30px; font-size: 12px;">
<li>Photo: Celler Brugarol</li>
<li>Localité: Palamós </li>
<li>Commune: Palamós </li>
<li>Région: Baix Empordà</li>
<li>Catégorie: Costa Brava, Route du Vin</li>
<li>Tags: Palamós, Baix Empordà, Celler Brugarol, Route du Vin  </li>
</ul>

<p>Celler Brugarol Photo: Celler Brugarol Localité: Palamós Commune: Palamós  Région: Baix Empordà Catégorie: Costa Brava, Route du Vin Tags: Palamós, Baix Empordà, [&hellip;]</p>
