{"id":25312,"date":"2018-01-29T11:45:13","date_gmt":"2018-01-29T11:45:13","guid":{"rendered":"http:\/\/fotos.costabrava.org\/downloads\/lestartit\/"},"modified":"2018-03-07T08:50:50","modified_gmt":"2018-03-07T08:50:50","slug":"lestartit","status":"publish","type":"download","link":"https:\/\/fotos.costabrava.org\/fr\/downloads\/lestartit\/","title":{"rendered":"L&rsquo;Estartit"},"content":{"rendered":"<p>L&rsquo;Estartit<\/p>\n<ul style=\"padding-left: 30px; font-size: 12px;\">\n<li>Photo: Dani Salv\u00e0<\/li>\n<li>Localit\u00e9: L&rsquo;Estartit<\/li>\n<li>Commune: Torroella de Montgr\u00ed<\/li>\n<li>R\u00e9gion: Baix Empord\u00e0<\/li>\n<li>Cat\u00e9gorie: Costa Brava, Villages<\/li>\n<li>Tags: L&rsquo;Estartit, Torroella de Montgr\u00ed, Baix Empord\u00e0, Villages <\/li>\n<\/ul>\n","protected":false},"excerpt":{"rendered":"<p>L&rsquo;Estartit Photo: Dani Salv\u00e0 Localit\u00e9: L&rsquo;Estartit Commune: Torroella de Montgr\u00ed R\u00e9gion: Baix Empord\u00e0 Cat\u00e9gorie: Costa Brava, Villages Tags: L&rsquo;Estartit, Torroella [&hellip;]<\/p>\n","protected":false},"author":1,"featured_media":20069,"template":"","edd-categories":[33,983],"edd-tags":[321,593,673],"class_list":["post-25312","download","type-download","status-publish","has-post-thumbnail","hentry","download_category-costa-brava-fr","download_category-villages-fr","download_tag-baix-emporda-fr","download_tag-lestartit-fr","download_tag-villages-fr","edd-download","edd-download-cat-costa-brava-fr","edd-download-cat-villages-fr","edd-download-tag-baix-emporda-fr","edd-download-tag-lestartit-fr","edd-download-tag-villages-fr"],"_links":{"self":[{"href":"https:\/\/fotos.costabrava.org\/fr\/wp-json\/wp\/v2\/edd-downloads\/25312","targetHints":{"allow":["GET"]}}],"collection":[{"href":"https:\/\/fotos.costabrava.org\/fr\/wp-json\/wp\/v2\/edd-downloads"}],"about":[{"href":"https:\/\/fotos.costabrava.org\/fr\/wp-json\/wp\/v2\/types\/download"}],"author":[{"embeddable":true,"href":"https:\/\/fotos.costabrava.org\/fr\/wp-json\/wp\/v2\/users\/1"}],"version-history":[{"count":3,"href":"https:\/\/fotos.costabrava.org\/fr\/wp-json\/wp\/v2\/edd-downloads\/25312\/revisions"}],"predecessor-version":[{"id":25318,"href":"https:\/\/fotos.costabrava.org\/fr\/wp-json\/wp\/v2\/edd-downloads\/25312\/revisions\/25318"}],"wp:featuredmedia":[{"embeddable":true,"href":"https:\/\/fotos.costabrava.org\/fr\/wp-json\/wp\/v2\/media\/20069"}],"wp:attachment":[{"href":"https:\/\/fotos.costabrava.org\/fr\/wp-json\/wp\/v2\/media?parent=25312"}],"wp:term":[{"taxonomy":"download_category","embeddable":true,"href":"https:\/\/fotos.costabrava.org\/fr\/wp-json\/wp\/v2\/edd-categories?post=25312"},{"taxonomy":"download_tag","embeddable":true,"href":"https:\/\/fotos.costabrava.org\/fr\/wp-json\/wp\/v2\/edd-tags?post=25312"}],"curies":[{"name":"wp","href":"https:\/\/api.w.org\/{rel}","templated":true}]}}

<p>L&rsquo;Estartit</p>
<ul style="padding-left: 30px; font-size: 12px;">
<li>Photo: Dani Salvà</li>
<li>Localité: L&rsquo;Estartit</li>
<li>Commune: Torroella de Montgrí</li>
<li>Région: Baix Empordà</li>
<li>Catégorie: Costa Brava, Villages</li>
<li>Tags: L&rsquo;Estartit, Torroella de Montgrí, Baix Empordà, Villages </li>
</ul>

<p>L&rsquo;Estartit Photo: Dani Salvà Localité: L&rsquo;Estartit Commune: Torroella de Montgrí Région: Baix Empordà Catégorie: Costa Brava, Villages Tags: L&rsquo;Estartit, Torroella [&hellip;]</p>
