{"id":28506,"date":"2018-04-17T09:34:16","date_gmt":"2018-04-17T09:34:16","guid":{"rendered":"http:\/\/fotos.costabrava.org\/downloads\/ceramica-2\/"},"modified":"2018-04-17T09:37:05","modified_gmt":"2018-04-17T09:37:05","slug":"ceramica-2","status":"publish","type":"download","link":"https:\/\/fotos.costabrava.org\/fr\/downloads\/ceramica-2\/","title":{"rendered":"C\u00e9ramique Marc\u00f3"},"content":{"rendered":"<p>C\u00e9ramique Marc\u00f3<\/p>\n<ul style=\"padding-left: 30px; font-size: 12px;\">\n<li>Photo: Jordi Roca <\/li>\n<li>Localit\u00e9: Quart\u00a0<\/li>\n<li>Commune:\u00a0Quart<\/li>\n<li>R\u00e9gion: Giron\u00e8s\u00a0<\/li>\n<li>Cat\u00e9gorie: Costa Brava, Exp\u00e9riences Culturelles<\/li>\n<li>Tags: C\u00e9ramique, Artisanat, Tradition, Quart, Giron\u00e8s, Exp\u00e9riences Culturelles<\/li>\n<\/ul>\n","protected":false},"excerpt":{"rendered":"<p>C\u00e9ramique Marc\u00f3 Photo: Jordi Roca Localit\u00e9: Quart\u00a0 Commune:\u00a0Quart R\u00e9gion: Giron\u00e8s\u00a0 Cat\u00e9gorie: Costa Brava, Exp\u00e9riences Culturelles Tags: C\u00e9ramique, Artisanat, Tradition, Quart, [&hellip;]<\/p>\n","protected":false},"author":1,"featured_media":28495,"template":"","edd-categories":[33,38],"edd-tags":[317,409,2033,506,704,844],"class_list":["post-28506","download","type-download","status-publish","has-post-thumbnail","hentry","download_category-costa-brava-fr","download_category-cultura-fr","download_tag-artisanat-fr","download_tag-ceramique-fr","download_tag-experiences-culturelles","download_tag-girones-fr","download_tag-quart-fr","download_tag-tradition-fr","edd-download","edd-download-cat-costa-brava-fr","edd-download-cat-cultura-fr","edd-download-tag-artisanat-fr","edd-download-tag-ceramique-fr","edd-download-tag-experiences-culturelles","edd-download-tag-girones-fr","edd-download-tag-quart-fr","edd-download-tag-tradition-fr"],"_links":{"self":[{"href":"https:\/\/fotos.costabrava.org\/fr\/wp-json\/wp\/v2\/edd-downloads\/28506","targetHints":{"allow":["GET"]}}],"collection":[{"href":"https:\/\/fotos.costabrava.org\/fr\/wp-json\/wp\/v2\/edd-downloads"}],"about":[{"href":"https:\/\/fotos.costabrava.org\/fr\/wp-json\/wp\/v2\/types\/download"}],"author":[{"embeddable":true,"href":"https:\/\/fotos.costabrava.org\/fr\/wp-json\/wp\/v2\/users\/1"}],"version-history":[{"count":1,"href":"https:\/\/fotos.costabrava.org\/fr\/wp-json\/wp\/v2\/edd-downloads\/28506\/revisions"}],"predecessor-version":[{"id":28507,"href":"https:\/\/fotos.costabrava.org\/fr\/wp-json\/wp\/v2\/edd-downloads\/28506\/revisions\/28507"}],"wp:featuredmedia":[{"embeddable":true,"href":"https:\/\/fotos.costabrava.org\/fr\/wp-json\/wp\/v2\/media\/28495"}],"wp:attachment":[{"href":"https:\/\/fotos.costabrava.org\/fr\/wp-json\/wp\/v2\/media?parent=28506"}],"wp:term":[{"taxonomy":"download_category","embeddable":true,"href":"https:\/\/fotos.costabrava.org\/fr\/wp-json\/wp\/v2\/edd-categories?post=28506"},{"taxonomy":"download_tag","embeddable":true,"href":"https:\/\/fotos.costabrava.org\/fr\/wp-json\/wp\/v2\/edd-tags?post=28506"}],"curies":[{"name":"wp","href":"https:\/\/api.w.org\/{rel}","templated":true}]}}

Céramique Marcó

<p>Céramique Marcó</p>
<ul style="padding-left: 30px; font-size: 12px;">
<li>Photo: Jordi Roca </li>
<li>Localité: Quart </li>
<li>Commune: Quart</li>
<li>Région: Gironès </li>
<li>Catégorie: Costa Brava, Expériences Culturelles</li>
<li>Tags: Céramique, Artisanat, Tradition, Quart, Gironès, Expériences Culturelles</li>
</ul>

<p>Céramique Marcó Photo: Jordi Roca Localité: Quart  Commune: Quart Région: Gironès  Catégorie: Costa Brava, Expériences Culturelles Tags: Céramique, Artisanat, Tradition, Quart, [&hellip;]</p>
