{"id":28742,"date":"2018-04-18T07:46:17","date_gmt":"2018-04-18T07:46:17","guid":{"rendered":"http:\/\/fotos.costabrava.org\/downloads\/gos-datura\/"},"modified":"2018-04-18T07:53:11","modified_gmt":"2018-04-18T07:53:11","slug":"gos-datura","status":"publish","type":"download","link":"https:\/\/fotos.costabrava.org\/fr\/downloads\/gos-datura\/","title":{"rendered":"Berger catalan"},"content":{"rendered":"<p>Berger catalan<\/p>\n<ul style=\"padding-left: 30px; font-size: 12px;\">\n<li>Photo: Consorci Ripoll\u00e8s Desenvolupament<\/li>\n<li>Localit\u00e9:\u00a0Ribes de Freser<\/li>\n<li>Commune:\u00a0Ribes de Freser<\/li>\n<li>R\u00e9gion:\u00a0Ripoll\u00e8s<\/li>\n<li>Cat\u00e9gorie: Pyrenees, Exp\u00e9riences Culturelles<\/li>\n<li>Tags: Berger catalan, Ribes de Freser, Ripoll\u00e8s, Exp\u00e9riences Culturelles<\/li>\n<\/ul>\n","protected":false},"excerpt":{"rendered":"<p>Berger catalan Photo: Consorci Ripoll\u00e8s Desenvolupament Localit\u00e9:\u00a0Ribes de Freser Commune:\u00a0Ribes de Freser R\u00e9gion:\u00a0Ripoll\u00e8s Cat\u00e9gorie: Pyrenees, Exp\u00e9riences Culturelles Tags: Berger catalan, [&hellip;]<\/p>\n","protected":false},"author":1,"featured_media":28730,"template":"","edd-categories":[38,62],"edd-tags":[2152,2033,717,726],"class_list":["post-28742","download","type-download","status-publish","has-post-thumbnail","hentry","download_category-cultura-fr","download_category-pirineu-de-girona-fr","download_tag-berger-catalan","download_tag-experiences-culturelles","download_tag-ribes-de-freser-fr","download_tag-ripolles-fr","edd-download","edd-download-cat-cultura-fr","edd-download-cat-pirineu-de-girona-fr","edd-download-tag-berger-catalan","edd-download-tag-experiences-culturelles","edd-download-tag-ribes-de-freser-fr","edd-download-tag-ripolles-fr"],"_links":{"self":[{"href":"https:\/\/fotos.costabrava.org\/fr\/wp-json\/wp\/v2\/edd-downloads\/28742","targetHints":{"allow":["GET"]}}],"collection":[{"href":"https:\/\/fotos.costabrava.org\/fr\/wp-json\/wp\/v2\/edd-downloads"}],"about":[{"href":"https:\/\/fotos.costabrava.org\/fr\/wp-json\/wp\/v2\/types\/download"}],"author":[{"embeddable":true,"href":"https:\/\/fotos.costabrava.org\/fr\/wp-json\/wp\/v2\/users\/1"}],"version-history":[{"count":1,"href":"https:\/\/fotos.costabrava.org\/fr\/wp-json\/wp\/v2\/edd-downloads\/28742\/revisions"}],"predecessor-version":[{"id":28743,"href":"https:\/\/fotos.costabrava.org\/fr\/wp-json\/wp\/v2\/edd-downloads\/28742\/revisions\/28743"}],"wp:featuredmedia":[{"embeddable":true,"href":"https:\/\/fotos.costabrava.org\/fr\/wp-json\/wp\/v2\/media\/28730"}],"wp:attachment":[{"href":"https:\/\/fotos.costabrava.org\/fr\/wp-json\/wp\/v2\/media?parent=28742"}],"wp:term":[{"taxonomy":"download_category","embeddable":true,"href":"https:\/\/fotos.costabrava.org\/fr\/wp-json\/wp\/v2\/edd-categories?post=28742"},{"taxonomy":"download_tag","embeddable":true,"href":"https:\/\/fotos.costabrava.org\/fr\/wp-json\/wp\/v2\/edd-tags?post=28742"}],"curies":[{"name":"wp","href":"https:\/\/api.w.org\/{rel}","templated":true}]}}

<p>Berger catalan</p>
<ul style="padding-left: 30px; font-size: 12px;">
<li>Photo: Consorci Ripollès Desenvolupament</li>
<li>Localité: Ribes de Freser</li>
<li>Commune: Ribes de Freser</li>
<li>Région: Ripollès</li>
<li>Catégorie: Pyrenees, Expériences Culturelles</li>
<li>Tags: Berger catalan, Ribes de Freser, Ripollès, Expériences Culturelles</li>
</ul>

<p>Berger catalan Photo: Consorci Ripollès Desenvolupament Localité: Ribes de Freser Commune: Ribes de Freser Région: Ripollès Catégorie: Pyrenees, Expériences Culturelles Tags: Berger catalan, [&hellip;]</p>
