{"id":28796,"date":"2018-04-18T08:32:31","date_gmt":"2018-04-18T08:32:31","guid":{"rendered":"http:\/\/fotos.costabrava.org\/downloads\/trobades-de-barques-de-vela-llatina\/"},"modified":"2018-04-18T09:11:08","modified_gmt":"2018-04-18T09:11:08","slug":"trobades-de-barques-de-vela-llatina","status":"publish","type":"download","link":"https:\/\/fotos.costabrava.org\/fr\/downloads\/trobades-de-barques-de-vela-llatina\/","title":{"rendered":"Rencontres de Voile Latine"},"content":{"rendered":"<p>Rencontres de Voile Latine<\/p>\n<ul style=\"padding-left: 30px; font-size: 12px;\">\n<li>Photo: Ajuntament de Cadaqu\u00e9s<\/li>\n<li>Localit\u00e9: Cadaqu\u00e9s<\/li>\n<li>Commune:\u00a0Cadaqu\u00e9s<\/li>\n<li>R\u00e9gion:\u00a0Alt Empord\u00e0<\/li>\n<li>Cat\u00e9gorie: Costa Brava, Exp\u00e9riences Culturelles <\/li>\n<li>Tags: Voile Latine, Cadaqu\u00e9s, Alt Empord\u00e0, Exp\u00e9riences Culturelles<\/li>\n<\/ul>\n","protected":false},"excerpt":{"rendered":"<p>Rencontres de Voile Latine Photo: Ajuntament de Cadaqu\u00e9s Localit\u00e9: Cadaqu\u00e9s Commune:\u00a0Cadaqu\u00e9s R\u00e9gion:\u00a0Alt Empord\u00e0 Cat\u00e9gorie: Costa Brava, Exp\u00e9riences Culturelles Tags: Voile [&hellip;]<\/p>\n","protected":false},"author":1,"featured_media":28786,"template":"","edd-categories":[33,38],"edd-tags":[300,358,2033,2161],"class_list":["post-28796","download","type-download","status-publish","has-post-thumbnail","hentry","download_category-costa-brava-fr","download_category-cultura-fr","download_tag-alt-emporda-fr","download_tag-cadaques-fr","download_tag-experiences-culturelles","download_tag-voile-latine","edd-download","edd-download-cat-costa-brava-fr","edd-download-cat-cultura-fr","edd-download-tag-alt-emporda-fr","edd-download-tag-cadaques-fr","edd-download-tag-experiences-culturelles","edd-download-tag-voile-latine"],"_links":{"self":[{"href":"https:\/\/fotos.costabrava.org\/fr\/wp-json\/wp\/v2\/edd-downloads\/28796","targetHints":{"allow":["GET"]}}],"collection":[{"href":"https:\/\/fotos.costabrava.org\/fr\/wp-json\/wp\/v2\/edd-downloads"}],"about":[{"href":"https:\/\/fotos.costabrava.org\/fr\/wp-json\/wp\/v2\/types\/download"}],"author":[{"embeddable":true,"href":"https:\/\/fotos.costabrava.org\/fr\/wp-json\/wp\/v2\/users\/1"}],"version-history":[{"count":1,"href":"https:\/\/fotos.costabrava.org\/fr\/wp-json\/wp\/v2\/edd-downloads\/28796\/revisions"}],"predecessor-version":[{"id":28797,"href":"https:\/\/fotos.costabrava.org\/fr\/wp-json\/wp\/v2\/edd-downloads\/28796\/revisions\/28797"}],"wp:featuredmedia":[{"embeddable":true,"href":"https:\/\/fotos.costabrava.org\/fr\/wp-json\/wp\/v2\/media\/28786"}],"wp:attachment":[{"href":"https:\/\/fotos.costabrava.org\/fr\/wp-json\/wp\/v2\/media?parent=28796"}],"wp:term":[{"taxonomy":"download_category","embeddable":true,"href":"https:\/\/fotos.costabrava.org\/fr\/wp-json\/wp\/v2\/edd-categories?post=28796"},{"taxonomy":"download_tag","embeddable":true,"href":"https:\/\/fotos.costabrava.org\/fr\/wp-json\/wp\/v2\/edd-tags?post=28796"}],"curies":[{"name":"wp","href":"https:\/\/api.w.org\/{rel}","templated":true}]}}

<p>Rencontres de Voile Latine</p>
<ul style="padding-left: 30px; font-size: 12px;">
<li>Photo: Ajuntament de Cadaqués</li>
<li>Localité: Cadaqués</li>
<li>Commune: Cadaqués</li>
<li>Région: Alt Empordà</li>
<li>Catégorie: Costa Brava, Expériences Culturelles </li>
<li>Tags: Voile Latine, Cadaqués, Alt Empordà, Expériences Culturelles</li>
</ul>

<p>Rencontres de Voile Latine Photo: Ajuntament de Cadaqués Localité: Cadaqués Commune: Cadaqués Région: Alt Empordà Catégorie: Costa Brava, Expériences Culturelles Tags: Voile [&hellip;]</p>
