{"id":29315,"date":"2018-04-23T10:51:27","date_gmt":"2018-04-23T10:51:27","guid":{"rendered":"http:\/\/fotos.costabrava.org\/downloads\/diada-de-sant-jordi\/"},"modified":"2018-04-23T10:57:54","modified_gmt":"2018-04-23T10:57:54","slug":"diada-de-sant-jordi","status":"publish","type":"download","link":"https:\/\/fotos.costabrava.org\/fr\/downloads\/diada-de-sant-jordi\/","title":{"rendered":"F\u00eate de Sant Jordi"},"content":{"rendered":"<p>F\u00eate de Sant Jordi<\/p>\n<ul style=\"padding-left: 30px; font-size: 12px;\">\n<li>Photo: Josep Padilla<\/li>\n<li>Localit\u00e9:\u00a0Girona<\/li>\n<li>Commune: Girona\u00a0<\/li>\n<li>R\u00e9gion:\u00a0Giron\u00e8s<\/li>\n<li>Cat\u00e9gorie: Costa Brava, Exp\u00e9riences culturelles<\/li>\n<li>Tags: Sant Jordi, Girona, Giron\u00e8s, Exp\u00e9riences culturelles <\/li>\n<\/ul>\n","protected":false},"excerpt":{"rendered":"<p>F\u00eate de Sant Jordi Photo: Josep Padilla Localit\u00e9:\u00a0Girona Commune: Girona\u00a0 R\u00e9gion:\u00a0Giron\u00e8s Cat\u00e9gorie: Costa Brava, Exp\u00e9riences culturelles Tags: Sant Jordi, Girona, [&hellip;]<\/p>\n","protected":false},"author":1,"featured_media":29300,"template":"","edd-categories":[33,38],"edd-tags":[2033,502,506,2229],"class_list":["post-29315","download","type-download","status-publish","has-post-thumbnail","hentry","download_category-costa-brava-fr","download_category-cultura-fr","download_tag-experiences-culturelles","download_tag-girona-fr","download_tag-girones-fr","download_tag-sant-jordi-fr","edd-download","edd-download-cat-costa-brava-fr","edd-download-cat-cultura-fr","edd-download-tag-experiences-culturelles","edd-download-tag-girona-fr","edd-download-tag-girones-fr","edd-download-tag-sant-jordi-fr"],"_links":{"self":[{"href":"https:\/\/fotos.costabrava.org\/fr\/wp-json\/wp\/v2\/edd-downloads\/29315","targetHints":{"allow":["GET"]}}],"collection":[{"href":"https:\/\/fotos.costabrava.org\/fr\/wp-json\/wp\/v2\/edd-downloads"}],"about":[{"href":"https:\/\/fotos.costabrava.org\/fr\/wp-json\/wp\/v2\/types\/download"}],"author":[{"embeddable":true,"href":"https:\/\/fotos.costabrava.org\/fr\/wp-json\/wp\/v2\/users\/1"}],"version-history":[{"count":2,"href":"https:\/\/fotos.costabrava.org\/fr\/wp-json\/wp\/v2\/edd-downloads\/29315\/revisions"}],"predecessor-version":[{"id":29317,"href":"https:\/\/fotos.costabrava.org\/fr\/wp-json\/wp\/v2\/edd-downloads\/29315\/revisions\/29317"}],"wp:featuredmedia":[{"embeddable":true,"href":"https:\/\/fotos.costabrava.org\/fr\/wp-json\/wp\/v2\/media\/29300"}],"wp:attachment":[{"href":"https:\/\/fotos.costabrava.org\/fr\/wp-json\/wp\/v2\/media?parent=29315"}],"wp:term":[{"taxonomy":"download_category","embeddable":true,"href":"https:\/\/fotos.costabrava.org\/fr\/wp-json\/wp\/v2\/edd-categories?post=29315"},{"taxonomy":"download_tag","embeddable":true,"href":"https:\/\/fotos.costabrava.org\/fr\/wp-json\/wp\/v2\/edd-tags?post=29315"}],"curies":[{"name":"wp","href":"https:\/\/api.w.org\/{rel}","templated":true}]}}

Fête de Sant Jordi

<p>Fête de Sant Jordi</p>
<ul style="padding-left: 30px; font-size: 12px;">
<li>Photo: Josep Padilla</li>
<li>Localité: Girona</li>
<li>Commune: Girona </li>
<li>Région: Gironès</li>
<li>Catégorie: Costa Brava, Expériences culturelles</li>
<li>Tags: Sant Jordi, Girona, Gironès, Expériences culturelles </li>
</ul>

<p>Fête de Sant Jordi Photo: Josep Padilla Localité: Girona Commune: Girona  Région: Gironès Catégorie: Costa Brava, Expériences culturelles Tags: Sant Jordi, Girona, [&hellip;]</p>
