{"id":29757,"date":"2018-04-25T06:16:12","date_gmt":"2018-04-25T06:16:12","guid":{"rendered":"http:\/\/fotos.costabrava.org\/downloads\/ibercamera\/"},"modified":"2018-04-25T06:22:23","modified_gmt":"2018-04-25T06:22:23","slug":"ibercamera","status":"publish","type":"download","link":"https:\/\/fotos.costabrava.org\/fr\/downloads\/ibercamera\/","title":{"rendered":"Ibercamera"},"content":{"rendered":"<p>Ibercamera<\/p>\n<ul style=\"padding-left: 30px; font-size: 12px;\">\n<li>Photo: Jesus Potrony<\/li>\n<li>Localit\u00e9:\u00a0Cervi\u00e0 de Ter<\/li>\n<li>Commune:\u00a0Cervi\u00e0 de Ter<\/li>\n<li>R\u00e9gion:\u00a0Giron\u00e8s<\/li>\n<li>Cat\u00e9gorie: Costa Brava, Festival <\/li>\n<li>Tags: Musique, Cervi\u00e0 de Ter, Giron\u00e8s, Festival <\/li>\n<\/ul>\n","protected":false},"excerpt":{"rendered":"<p>Ibercamera Photo: Jesus Potrony Localit\u00e9:\u00a0Cervi\u00e0 de Ter Commune:\u00a0Cervi\u00e0 de Ter R\u00e9gion:\u00a0Giron\u00e8s Cat\u00e9gorie: Costa Brava, Festival Tags: Musique, Cervi\u00e0 de Ter, [&hellip;]<\/p>\n","protected":false},"author":1,"featured_media":29745,"template":"","edd-categories":[33,1913],"edd-tags":[2264,2054,506,612],"class_list":["post-29757","download","type-download","status-publish","has-post-thumbnail","hentry","download_category-costa-brava-fr","download_category-festival-fr","download_tag-cervia-de-ter-fr","download_tag-festival-fr","download_tag-girones-fr","download_tag-musique-fr","edd-download","edd-download-cat-costa-brava-fr","edd-download-cat-festival-fr","edd-download-tag-cervia-de-ter-fr","edd-download-tag-festival-fr","edd-download-tag-girones-fr","edd-download-tag-musique-fr"],"_links":{"self":[{"href":"https:\/\/fotos.costabrava.org\/fr\/wp-json\/wp\/v2\/edd-downloads\/29757","targetHints":{"allow":["GET"]}}],"collection":[{"href":"https:\/\/fotos.costabrava.org\/fr\/wp-json\/wp\/v2\/edd-downloads"}],"about":[{"href":"https:\/\/fotos.costabrava.org\/fr\/wp-json\/wp\/v2\/types\/download"}],"author":[{"embeddable":true,"href":"https:\/\/fotos.costabrava.org\/fr\/wp-json\/wp\/v2\/users\/1"}],"version-history":[{"count":2,"href":"https:\/\/fotos.costabrava.org\/fr\/wp-json\/wp\/v2\/edd-downloads\/29757\/revisions"}],"predecessor-version":[{"id":29759,"href":"https:\/\/fotos.costabrava.org\/fr\/wp-json\/wp\/v2\/edd-downloads\/29757\/revisions\/29759"}],"wp:featuredmedia":[{"embeddable":true,"href":"https:\/\/fotos.costabrava.org\/fr\/wp-json\/wp\/v2\/media\/29745"}],"wp:attachment":[{"href":"https:\/\/fotos.costabrava.org\/fr\/wp-json\/wp\/v2\/media?parent=29757"}],"wp:term":[{"taxonomy":"download_category","embeddable":true,"href":"https:\/\/fotos.costabrava.org\/fr\/wp-json\/wp\/v2\/edd-categories?post=29757"},{"taxonomy":"download_tag","embeddable":true,"href":"https:\/\/fotos.costabrava.org\/fr\/wp-json\/wp\/v2\/edd-tags?post=29757"}],"curies":[{"name":"wp","href":"https:\/\/api.w.org\/{rel}","templated":true}]}}

<p>Ibercamera</p>
<ul style="padding-left: 30px; font-size: 12px;">
<li>Photo: Jesus Potrony</li>
<li>Localité: Cervià de Ter</li>
<li>Commune: Cervià de Ter</li>
<li>Région: Gironès</li>
<li>Catégorie: Costa Brava, Festival </li>
<li>Tags: Musique, Cervià de Ter, Gironès, Festival </li>
</ul>

<p>Ibercamera Photo: Jesus Potrony Localité: Cervià de Ter Commune: Cervià de Ter Région: Gironès Catégorie: Costa Brava, Festival Tags: Musique, Cervià de Ter, [&hellip;]</p>
