{"id":40035,"date":"2019-04-08T07:17:43","date_gmt":"2019-04-08T07:17:43","guid":{"rendered":"https:\/\/fotos.costabrava.org\/downloads\/la-vall-del-bac-2-2\/"},"modified":"2019-04-08T07:23:15","modified_gmt":"2019-04-08T07:23:15","slug":"la-vall-del-bac-2-2","status":"publish","type":"download","link":"https:\/\/fotos.costabrava.org\/fr\/downloads\/la-vall-del-bac-2-2\/","title":{"rendered":"La Vall del Bac"},"content":{"rendered":"<p>La Vall del Bac<\/p>\n<ul style=\"padding-left: 30px; font-size: 12px;\">\n<li>Photo: Maria Geli &#8211; Pilar Planagum\u00e0<\/li>\n<li>Localit\u00e9: La Vall del Bac<\/li>\n<li>Commune:La Vall de Bianya<\/li>\n<li>R\u00e9gion: Garrotxa<\/li>\n<li>Cat\u00e9gorie: Parcs naturels et nature, pyrenees, villages<\/li>\n<li>Tags: La Vall de Bianya, Garrotxa, Nature<\/li>\n<\/ul>\n","protected":false},"excerpt":{"rendered":"<p>La Vall del Bac Photo: Maria Geli &#8211; Pilar Planagum\u00e0 Localit\u00e9: La Vall del Bac Commune:La Vall de Bianya R\u00e9gion: [&hellip;]<\/p>\n","protected":false},"author":1,"featured_media":40019,"template":"","edd-categories":[58,62,983],"edd-tags":[494,557,1792,649,1244],"class_list":["post-40035","download","type-download","status-publish","has-post-thumbnail","hentry","download_category-natura-eddca-fr","download_category-pirineu-de-girona-fr","download_category-villages-fr","download_tag-garrotxa-fr","download_tag-la-vall-de-bianya-fr","download_tag-natura-fr","download_tag-parcs-naturels-fr","download_tag-pyrennes","edd-download","edd-download-cat-natura-eddca-fr","edd-download-cat-pirineu-de-girona-fr","edd-download-cat-villages-fr","edd-download-tag-garrotxa-fr","edd-download-tag-la-vall-de-bianya-fr","edd-download-tag-natura-fr","edd-download-tag-parcs-naturels-fr","edd-download-tag-pyrennes"],"_links":{"self":[{"href":"https:\/\/fotos.costabrava.org\/fr\/wp-json\/wp\/v2\/edd-downloads\/40035","targetHints":{"allow":["GET"]}}],"collection":[{"href":"https:\/\/fotos.costabrava.org\/fr\/wp-json\/wp\/v2\/edd-downloads"}],"about":[{"href":"https:\/\/fotos.costabrava.org\/fr\/wp-json\/wp\/v2\/types\/download"}],"author":[{"embeddable":true,"href":"https:\/\/fotos.costabrava.org\/fr\/wp-json\/wp\/v2\/users\/1"}],"version-history":[{"count":1,"href":"https:\/\/fotos.costabrava.org\/fr\/wp-json\/wp\/v2\/edd-downloads\/40035\/revisions"}],"predecessor-version":[{"id":40036,"href":"https:\/\/fotos.costabrava.org\/fr\/wp-json\/wp\/v2\/edd-downloads\/40035\/revisions\/40036"}],"wp:featuredmedia":[{"embeddable":true,"href":"https:\/\/fotos.costabrava.org\/fr\/wp-json\/wp\/v2\/media\/40019"}],"wp:attachment":[{"href":"https:\/\/fotos.costabrava.org\/fr\/wp-json\/wp\/v2\/media?parent=40035"}],"wp:term":[{"taxonomy":"download_category","embeddable":true,"href":"https:\/\/fotos.costabrava.org\/fr\/wp-json\/wp\/v2\/edd-categories?post=40035"},{"taxonomy":"download_tag","embeddable":true,"href":"https:\/\/fotos.costabrava.org\/fr\/wp-json\/wp\/v2\/edd-tags?post=40035"}],"curies":[{"name":"wp","href":"https:\/\/api.w.org\/{rel}","templated":true}]}}

<p>La Vall del Bac</p>
<ul style="padding-left: 30px; font-size: 12px;">
<li>Photo: Maria Geli &#8211; Pilar Planagumà</li>
<li>Localité: La Vall del Bac</li>
<li>Commune:La Vall de Bianya</li>
<li>Région: Garrotxa</li>
<li>Catégorie: Parcs naturels et nature, pyrenees, villages</li>
<li>Tags: La Vall de Bianya, Garrotxa, Nature</li>
</ul>

<p>La Vall del Bac Photo: Maria Geli &#8211; Pilar Planagumà Localité: La Vall del Bac Commune:La Vall de Bianya Région: [&hellip;]</p>
