{"id":43559,"date":"2019-05-14T11:09:32","date_gmt":"2019-05-14T11:09:32","guid":{"rendered":"https:\/\/fotos.costabrava.org\/downloads\/estany-de-malniu-2\/"},"modified":"2019-05-14T11:17:13","modified_gmt":"2019-05-14T11:17:13","slug":"estany-de-malniu-2","status":"publish","type":"download","link":"https:\/\/fotos.costabrava.org\/fr\/downloads\/estany-de-malniu-2\/","title":{"rendered":"Estany de Malniu 2"},"content":{"rendered":"<p>Estany de Malniu<\/p>\n<ul style='padding-left: 30px; font-size: 12px;'>\n<li>Photo: Maria Geli &#8211; Pilar Planagum\u00e0<\/li>\n<li>R\u00e9gion: Cerdanya<\/li>\n<li>Cat\u00e9gorie: Pyrenees, Parcs Naturels et Nature<\/li>\n<li>Tags: Cerdanya, Pyrenees, Parcs Naturels et Nature, \u00c9tangs et Lacs<\/li>\n<\/ul>\n","protected":false},"excerpt":{"rendered":"<p>Estany de Malniu Photo: Maria Geli &#8211; Pilar Planagum\u00e0 R\u00e9gion: Cerdanya Cat\u00e9gorie: Pyrenees, Parcs Naturels et Nature Tags: Cerdanya, Pyrenees, [&hellip;]<\/p>\n","protected":false},"author":1,"featured_media":43546,"template":"","edd-categories":[58,62],"edd-tags":[84,459,1792,649,1244],"class_list":["post-43559","download","type-download","status-publish","has-post-thumbnail","hentry","download_category-natura-eddca-fr","download_category-pirineu-de-girona-fr","download_tag-cerdanya-fr","download_tag-etangs-et-lacs-fr","download_tag-natura-fr","download_tag-parcs-naturels-fr","download_tag-pyrennes","edd-download","edd-download-cat-natura-eddca-fr","edd-download-cat-pirineu-de-girona-fr","edd-download-tag-cerdanya-fr","edd-download-tag-etangs-et-lacs-fr","edd-download-tag-natura-fr","edd-download-tag-parcs-naturels-fr","edd-download-tag-pyrennes"],"_links":{"self":[{"href":"https:\/\/fotos.costabrava.org\/fr\/wp-json\/wp\/v2\/edd-downloads\/43559","targetHints":{"allow":["GET"]}}],"collection":[{"href":"https:\/\/fotos.costabrava.org\/fr\/wp-json\/wp\/v2\/edd-downloads"}],"about":[{"href":"https:\/\/fotos.costabrava.org\/fr\/wp-json\/wp\/v2\/types\/download"}],"author":[{"embeddable":true,"href":"https:\/\/fotos.costabrava.org\/fr\/wp-json\/wp\/v2\/users\/1"}],"version-history":[{"count":2,"href":"https:\/\/fotos.costabrava.org\/fr\/wp-json\/wp\/v2\/edd-downloads\/43559\/revisions"}],"predecessor-version":[{"id":43561,"href":"https:\/\/fotos.costabrava.org\/fr\/wp-json\/wp\/v2\/edd-downloads\/43559\/revisions\/43561"}],"wp:featuredmedia":[{"embeddable":true,"href":"https:\/\/fotos.costabrava.org\/fr\/wp-json\/wp\/v2\/media\/43546"}],"wp:attachment":[{"href":"https:\/\/fotos.costabrava.org\/fr\/wp-json\/wp\/v2\/media?parent=43559"}],"wp:term":[{"taxonomy":"download_category","embeddable":true,"href":"https:\/\/fotos.costabrava.org\/fr\/wp-json\/wp\/v2\/edd-categories?post=43559"},{"taxonomy":"download_tag","embeddable":true,"href":"https:\/\/fotos.costabrava.org\/fr\/wp-json\/wp\/v2\/edd-tags?post=43559"}],"curies":[{"name":"wp","href":"https:\/\/api.w.org\/{rel}","templated":true}]}}

<p>Estany de Malniu</p>
<ul style='padding-left: 30px; font-size: 12px;'>
<li>Photo: Maria Geli &#8211; Pilar Planagumà</li>
<li>Région: Cerdanya</li>
<li>Catégorie: Pyrenees, Parcs Naturels et Nature</li>
<li>Tags: Cerdanya, Pyrenees, Parcs Naturels et Nature, Étangs et Lacs</li>
</ul>

<p>Estany de Malniu Photo: Maria Geli &#8211; Pilar Planagumà Région: Cerdanya Catégorie: Pyrenees, Parcs Naturels et Nature Tags: Cerdanya, Pyrenees, [&hellip;]</p>
