{"id":44015,"date":"2019-05-16T07:18:58","date_gmt":"2019-05-16T07:18:58","guid":{"rendered":"https:\/\/fotos.costabrava.org\/downloads\/sant-amand-1\/"},"modified":"2019-05-16T07:25:25","modified_gmt":"2019-05-16T07:25:25","slug":"sant-amand-1","status":"publish","type":"download","link":"https:\/\/fotos.costabrava.org\/fr\/downloads\/sant-amand-1\/","title":{"rendered":"Sant Amand 1"},"content":{"rendered":"<p>Sant Amand<\/p>\n<ul style='padding-left: 30px; font-size: 12px;'>\n<li>Photo: Consorci Ripoll\u00e8s Desenvolupament<\/li>\n<li>Localit\u00e9\/Ville: Ogassa<\/li>\n<li>Commune: Ogassa<\/li>\n<li>R\u00e9gion: Ripoll\u00e8s<\/li>\n<li>Cat\u00e9gorie: Pyrenees, Parcs Naturels et Nature<\/li>\n<li>Tags: Ogassa, Ripoll\u00e8s, Pyrenees, Parcs Naturels et Nature, Montagne<\/li>\n<\/ul>\n","protected":false},"excerpt":{"rendered":"<p>Sant Amand Photo: Consorci Ripoll\u00e8s Desenvolupament Localit\u00e9\/Ville: Ogassa Commune: Ogassa R\u00e9gion: Ripoll\u00e8s Cat\u00e9gorie: Pyrenees, Parcs Naturels et Nature Tags: Ogassa, [&hellip;]<\/p>\n","protected":false},"author":1,"featured_media":43998,"template":"","edd-categories":[58,62],"edd-tags":[604,1792,626,649,1244,726],"class_list":["post-44015","download","type-download","status-publish","has-post-thumbnail","hentry","download_category-natura-eddca-fr","download_category-pirineu-de-girona-fr","download_tag-montagne-fr","download_tag-natura-fr","download_tag-ogassa-fr","download_tag-parcs-naturels-fr","download_tag-pyrennes","download_tag-ripolles-fr","edd-download","edd-download-cat-natura-eddca-fr","edd-download-cat-pirineu-de-girona-fr","edd-download-tag-montagne-fr","edd-download-tag-natura-fr","edd-download-tag-ogassa-fr","edd-download-tag-parcs-naturels-fr","edd-download-tag-pyrennes","edd-download-tag-ripolles-fr"],"_links":{"self":[{"href":"https:\/\/fotos.costabrava.org\/fr\/wp-json\/wp\/v2\/edd-downloads\/44015","targetHints":{"allow":["GET"]}}],"collection":[{"href":"https:\/\/fotos.costabrava.org\/fr\/wp-json\/wp\/v2\/edd-downloads"}],"about":[{"href":"https:\/\/fotos.costabrava.org\/fr\/wp-json\/wp\/v2\/types\/download"}],"author":[{"embeddable":true,"href":"https:\/\/fotos.costabrava.org\/fr\/wp-json\/wp\/v2\/users\/1"}],"version-history":[{"count":2,"href":"https:\/\/fotos.costabrava.org\/fr\/wp-json\/wp\/v2\/edd-downloads\/44015\/revisions"}],"predecessor-version":[{"id":44017,"href":"https:\/\/fotos.costabrava.org\/fr\/wp-json\/wp\/v2\/edd-downloads\/44015\/revisions\/44017"}],"wp:featuredmedia":[{"embeddable":true,"href":"https:\/\/fotos.costabrava.org\/fr\/wp-json\/wp\/v2\/media\/43998"}],"wp:attachment":[{"href":"https:\/\/fotos.costabrava.org\/fr\/wp-json\/wp\/v2\/media?parent=44015"}],"wp:term":[{"taxonomy":"download_category","embeddable":true,"href":"https:\/\/fotos.costabrava.org\/fr\/wp-json\/wp\/v2\/edd-categories?post=44015"},{"taxonomy":"download_tag","embeddable":true,"href":"https:\/\/fotos.costabrava.org\/fr\/wp-json\/wp\/v2\/edd-tags?post=44015"}],"curies":[{"name":"wp","href":"https:\/\/api.w.org\/{rel}","templated":true}]}}

<p>Sant Amand</p>
<ul style='padding-left: 30px; font-size: 12px;'>
<li>Photo: Consorci Ripollès Desenvolupament</li>
<li>Localité/Ville: Ogassa</li>
<li>Commune: Ogassa</li>
<li>Région: Ripollès</li>
<li>Catégorie: Pyrenees, Parcs Naturels et Nature</li>
<li>Tags: Ogassa, Ripollès, Pyrenees, Parcs Naturels et Nature, Montagne</li>
</ul>

<p>Sant Amand Photo: Consorci Ripollès Desenvolupament Localité/Ville: Ogassa Commune: Ogassa Région: Ripollès Catégorie: Pyrenees, Parcs Naturels et Nature Tags: Ogassa, [&hellip;]</p>
