{"id":74505,"date":"2022-03-29T12:06:34","date_gmt":"2022-03-29T12:06:34","guid":{"rendered":"https:\/\/fotos.costabrava.org\/?post_type=download&#038;p=74505"},"modified":"2022-03-29T12:06:34","modified_gmt":"2022-03-29T12:06:34","slug":"kayak","status":"publish","type":"download","link":"https:\/\/fotos.costabrava.org\/fr\/downloads\/kayak\/","title":{"rendered":"kayak"},"content":{"rendered":"<p>Kayak<\/p>\n<ul style=\"padding-left: 30px; font-size: 12px;\">\n<li>Photo: Diego Espada<\/li>\n<li>Localit\u00e9: Llan\u00e7\u00e0<\/li>\n<li>Commune: Alt Empord\u00e0<\/li>\n<li>Cat\u00e9gorie: Costa Brava, tourisme pour tous<\/li>\n<li>Tags: kayak, tourisme pour tous, Llan\u00e7\u00e0<\/li>\n<\/ul>\n","protected":false},"excerpt":{"rendered":"<p>Kayak Photo: Diego Espada Localit\u00e9: Llan\u00e7\u00e0 Commune: Alt Empord\u00e0 Cat\u00e9gorie: Costa Brava, tourisme pour tous Tags: kayak, tourisme pour tous, [&hellip;]<\/p>\n","protected":false},"author":1,"featured_media":74494,"template":"","edd-categories":[70],"edd-tags":[2467,2641,1115],"class_list":["post-74505","download","type-download","status-publish","has-post-thumbnail","hentry","download_category-tourismepourtous-fr","download_tag-kayak-fr","download_tag-llanca-fr","download_tag-sportpourtous-fr","edd-download","edd-download-cat-tourismepourtous-fr","edd-download-tag-kayak-fr","edd-download-tag-llanca-fr","edd-download-tag-sportpourtous-fr"],"_links":{"self":[{"href":"https:\/\/fotos.costabrava.org\/fr\/wp-json\/wp\/v2\/edd-downloads\/74505","targetHints":{"allow":["GET"]}}],"collection":[{"href":"https:\/\/fotos.costabrava.org\/fr\/wp-json\/wp\/v2\/edd-downloads"}],"about":[{"href":"https:\/\/fotos.costabrava.org\/fr\/wp-json\/wp\/v2\/types\/download"}],"author":[{"embeddable":true,"href":"https:\/\/fotos.costabrava.org\/fr\/wp-json\/wp\/v2\/users\/1"}],"version-history":[{"count":1,"href":"https:\/\/fotos.costabrava.org\/fr\/wp-json\/wp\/v2\/edd-downloads\/74505\/revisions"}],"predecessor-version":[{"id":74506,"href":"https:\/\/fotos.costabrava.org\/fr\/wp-json\/wp\/v2\/edd-downloads\/74505\/revisions\/74506"}],"wp:featuredmedia":[{"embeddable":true,"href":"https:\/\/fotos.costabrava.org\/fr\/wp-json\/wp\/v2\/media\/74494"}],"wp:attachment":[{"href":"https:\/\/fotos.costabrava.org\/fr\/wp-json\/wp\/v2\/media?parent=74505"}],"wp:term":[{"taxonomy":"download_category","embeddable":true,"href":"https:\/\/fotos.costabrava.org\/fr\/wp-json\/wp\/v2\/edd-categories?post=74505"},{"taxonomy":"download_tag","embeddable":true,"href":"https:\/\/fotos.costabrava.org\/fr\/wp-json\/wp\/v2\/edd-tags?post=74505"}],"curies":[{"name":"wp","href":"https:\/\/api.w.org\/{rel}","templated":true}]}}

<p>Kayak</p>
<ul style="padding-left: 30px; font-size: 12px;">
<li>Photo: Diego Espada</li>
<li>Localité: Llançà</li>
<li>Commune: Alt Empordà</li>
<li>Catégorie: Costa Brava, tourisme pour tous</li>
<li>Tags: kayak, tourisme pour tous, Llançà</li>
</ul>

<p>Kayak Photo: Diego Espada Localité: Llançà Commune: Alt Empordà Catégorie: Costa Brava, tourisme pour tous Tags: kayak, tourisme pour tous, [&hellip;]</p>
