{"id":86332,"date":"2025-12-04T09:44:01","date_gmt":"2025-12-04T09:44:01","guid":{"rendered":"https:\/\/fotos.costabrava.org\/?post_type=download&#038;p=86332"},"modified":"2026-03-20T13:48:17","modified_gmt":"2026-03-20T13:48:17","slug":"ruines-dempuries","status":"publish","type":"download","link":"https:\/\/fotos.costabrava.org\/fr\/downloads\/ruines-dempuries\/","title":{"rendered":"Ruines d&rsquo;Emp\u00faries"},"content":{"rendered":"\n<p>Ruines d&rsquo;Emp\u00faries<\/p>\n\n\n\n<ul class=\"wp-block-list\">\n<li>Photo: Javi Cabrera<\/li>\n\n\n\n<li>Localit\u00e9:\u00a0L\u2019Escala<\/li>\n\n\n\n<li>Commune:\u00a0L\u2019Escala<\/li>\n\n\n\n<li>R\u00e9gion:\u00a0Alt Empord\u00e0<\/li>\n\n\n\n<li>Cat\u00e9gorie: Costa Brava, sant\u00e9 et bien-\u00eatre<\/li>\n\n\n\n<li>Tags: L\u2019Escala, Alt Empord\u00e0, Mus\u00e9es et Patrimoine, sant\u00e9 et bien-\u00eatre<\/li>\n<\/ul>\n\n\n\n<p><\/p>\n","protected":false},"excerpt":{"rendered":"<p>Ruines d&rsquo;Emp\u00faries<\/p>\n","protected":false},"author":1,"featured_media":86315,"template":"","edd-categories":[33,38,160,66],"edd-tags":[300,1821,2033,1921],"class_list":["post-86332","download","type-download","status-publish","has-post-thumbnail","hentry","download_category-costa-brava-fr","download_category-cultura-fr","download_category-patrimoni-fr","download_category-salut-i-bellesa-fr","download_tag-alt-emporda-fr","download_tag-costa-brava-fr","download_tag-experiences-culturelles","download_tag-salut-i-benestar-fr","edd-download","edd-download-cat-costa-brava-fr","edd-download-cat-cultura-fr","edd-download-cat-patrimoni-fr","edd-download-cat-salut-i-bellesa-fr","edd-download-tag-alt-emporda-fr","edd-download-tag-costa-brava-fr","edd-download-tag-experiences-culturelles","edd-download-tag-salut-i-benestar-fr"],"_links":{"self":[{"href":"https:\/\/fotos.costabrava.org\/fr\/wp-json\/wp\/v2\/edd-downloads\/86332","targetHints":{"allow":["GET"]}}],"collection":[{"href":"https:\/\/fotos.costabrava.org\/fr\/wp-json\/wp\/v2\/edd-downloads"}],"about":[{"href":"https:\/\/fotos.costabrava.org\/fr\/wp-json\/wp\/v2\/types\/download"}],"author":[{"embeddable":true,"href":"https:\/\/fotos.costabrava.org\/fr\/wp-json\/wp\/v2\/users\/1"}],"version-history":[{"count":1,"href":"https:\/\/fotos.costabrava.org\/fr\/wp-json\/wp\/v2\/edd-downloads\/86332\/revisions"}],"predecessor-version":[{"id":86333,"href":"https:\/\/fotos.costabrava.org\/fr\/wp-json\/wp\/v2\/edd-downloads\/86332\/revisions\/86333"}],"wp:featuredmedia":[{"embeddable":true,"href":"https:\/\/fotos.costabrava.org\/fr\/wp-json\/wp\/v2\/media\/86315"}],"wp:attachment":[{"href":"https:\/\/fotos.costabrava.org\/fr\/wp-json\/wp\/v2\/media?parent=86332"}],"wp:term":[{"taxonomy":"download_category","embeddable":true,"href":"https:\/\/fotos.costabrava.org\/fr\/wp-json\/wp\/v2\/edd-categories?post=86332"},{"taxonomy":"download_tag","embeddable":true,"href":"https:\/\/fotos.costabrava.org\/fr\/wp-json\/wp\/v2\/edd-tags?post=86332"}],"curies":[{"name":"wp","href":"https:\/\/api.w.org\/{rel}","templated":true}]}}

Ruines d&rsquo;Empúries

<p>Ruines d&rsquo;Empúries</p>



<ul class="wp-block-list">
<li>Photo: Javi Cabrera</li>



<li>Localité: L’Escala</li>



<li>Commune: L’Escala</li>



<li>Région: Alt Empordà</li>



<li>Catégorie: Costa Brava, santé et bien-être</li>



<li>Tags: L’Escala, Alt Empordà, Musées et Patrimoine, santé et bien-être</li>
</ul>



<p></p>

<p>Ruines d&rsquo;Empúries</p>
